CRAN Package Check Results for Package tidyCpp

Last updated on 2022-01-23 01:56:28 CET.

Flavor Version Tinstall Tcheck Ttotal Status Flags
r-devel-linux-x86_64-debian-clang 0.0.6 1.16 23.38 24.54 OK
r-devel-linux-x86_64-debian-gcc 0.0.6 1.14 18.47 19.61 OK
r-devel-linux-x86_64-fedora-clang 0.0.6 32.11 OK
r-devel-linux-x86_64-fedora-gcc 0.0.6 21.65 OK
r-devel-windows-x86_64-new-UL 0.0.6 14.00 43.00 57.00 OK
r-devel-windows-x86_64-new-TK 0.0.6 OK
r-patched-linux-x86_64 0.0.6 0.94 22.86 23.80 OK
r-release-linux-x86_64 0.0.6 1.28 22.69 23.97 OK
r-release-macos-arm64 0.0.6 OK
r-release-macos-x86_64 0.0.6 NOTE
r-release-windows-ix86+x86_64 0.0.6 5.00 30.00 35.00 OK
r-oldrel-macos-x86_64 0.0.6 NOTE
r-oldrel-windows-ix86+x86_64 0.0.6 4.00 31.00 35.00 OK

Check Details

Version: 0.0.6
Check: re-building of vignette outputs
Result: NOTE
    Error(s) in re-building vignettes:
     ...
    --- re-building ‘motivation.md’ using mdweave_to_html
    Cannot find pandoc. Not able to weave vignette.
    Error: processing vignette 'motivation.md' failed with diagnostics:
    Failed to locate ‘weave’ output file ‘motivation.pdf’ or ‘motivation.html’ for vignette with name ‘motivation’ and engine ‘simplermarkdown::mdweave_to_html’. The following files exist in working directory ‘/Volumes/Builds/packages/high-sierra-x86_64/results/4.1/tidyCpp.Rcheck/vign_test/tidyCpp/vignettes’: ‘motivation.md’ (18115 bytes), ‘water.css’ (1193 bytes)
    --- failed re-building ‘motivation.md’
    
    SUMMARY: processing the following file failed:
     ‘motivation.md’
    
    Error: Vignette re-building failed.
    Execution halted
Flavor: r-release-macos-x86_64

Version: 0.0.6
Check: re-building of vignette outputs
Result: NOTE
    Error(s) in re-building vignettes:
     ...
    --- re-building ‘motivation.md’ using mdweave_to_html
    Cannot find pandoc. Not able to weave vignette.
    Error: processing vignette 'motivation.md' failed with diagnostics:
    Failed to locate ‘weave’ output file ‘motivation.pdf’ or ‘motivation.html’ for vignette with name ‘motivation’ and engine ‘simplermarkdown::mdweave_to_html’. The following files exist in working directory ‘/Volumes/Builds/packages/high-sierra-x86_64/results/4.0/tidyCpp.Rcheck/vign_test/tidyCpp/vignettes’: ‘motivation.md’ (18115 bytes), ‘water.css’ (1193 bytes)
    --- failed re-building ‘motivation.md’
    
    SUMMARY: processing the following file failed:
     ‘motivation.md’
    
    Error: Vignette re-building failed.
    Execution halted
Flavor: r-oldrel-macos-x86_64