CRAN Package Check Results for Package tidyHeatmap

Last updated on 2020-12-03 11:49:06 CET.

Flavor Version Tinstall Tcheck Ttotal Status Flags
r-devel-linux-x86_64-debian-clang 1.1.5 18.00 214.77 232.77 OK
r-devel-linux-x86_64-debian-gcc 1.1.5 13.65 161.91 175.56 OK
r-devel-linux-x86_64-fedora-clang 1.1.5 275.80 OK
r-devel-linux-x86_64-fedora-gcc 1.1.5 267.90 OK
r-devel-windows-ix86+x86_64 1.1.5 21.00 132.00 153.00 OK
r-patched-linux-x86_64 1.1.5 17.96 207.06 225.02 OK
r-patched-solaris-x86 1.1.5 362.30 OK
r-release-linux-x86_64 1.1.5 10.18 142.03 152.21 OK
r-release-macos-x86_64 1.1.5 OK
r-release-windows-ix86+x86_64 1.1.5 15.00 160.00 175.00 OK
r-oldrel-macos-x86_64 1.1.5 ERROR
r-oldrel-windows-ix86+x86_64 1.1.5 22.00 178.00 200.00 OK

Check Details

Version: 1.1.5
Check: package dependencies
Result: ERROR
    Package required and available but unsuitable version: ‘ComplexHeatmap’
    
    See section ‘The DESCRIPTION file’ in the ‘Writing R Extensions’
    manual.
Flavor: r-oldrel-macos-x86_64