CRAN Package Check Results for Package tidyMicro

Last updated on 2020-11-28 19:47:15 CET.

Flavor Version Tinstall Tcheck Ttotal Status Flags
r-devel-linux-x86_64-debian-clang 1.47 18.26 310.74 329.00 OK
r-devel-linux-x86_64-debian-gcc 1.47 15.56 231.43 246.99 OK
r-devel-linux-x86_64-fedora-clang 1.47 367.48 NOTE
r-devel-linux-x86_64-fedora-gcc 1.47 368.95 NOTE
r-devel-windows-ix86+x86_64 1.47 37.00 342.00 379.00 OK
r-patched-linux-x86_64 1.47 17.88 296.19 314.07 OK
r-patched-solaris-x86 1.47 531.20 NOTE
r-release-linux-x86_64 1.47 17.61 299.23 316.84 OK
r-release-macos-x86_64 1.47 NOTE
r-release-windows-ix86+x86_64 1.47 23.00 265.00 288.00 OK
r-oldrel-macos-x86_64 1.47 NOTE
r-oldrel-windows-ix86+x86_64 1.47 24.00 357.00 381.00 OK

Check Details

Version: 1.47
Check: package dependencies
Result: NOTE
    Imports includes 30 non-default packages.
    Importing from so many packages makes the package vulnerable to any of
    them becoming unavailable. Move as many as possible to Suggests and
    use conditionally.
Flavor: r-devel-linux-x86_64-fedora-clang

Version: 1.47
Check: dependencies in R code
Result: NOTE
    Namespaces in Imports field not imported from:
     ‘Evomorph’ ‘cowplot’ ‘factoextra’ ‘gridExtra’ ‘lme4’ ‘lsr’ ‘plotly’
     ‘png’ ‘shapes’
     All declared Imports should be used.
Flavors: r-devel-linux-x86_64-fedora-clang, r-devel-linux-x86_64-fedora-gcc, r-patched-solaris-x86, r-release-macos-x86_64, r-oldrel-macos-x86_64