CRAN Package Check Results for Package tidyRSS

Last updated on 2021-04-13 04:47:20 CEST.

Flavor Version Tinstall Tcheck Ttotal Status Flags
r-devel-linux-x86_64-debian-clang 2.0.3 5.27 53.42 58.69 NOTE
r-devel-linux-x86_64-debian-gcc 2.0.3 4.53 39.76 44.29 NOTE
r-devel-linux-x86_64-fedora-clang 2.0.3 79.49 NOTE
r-devel-linux-x86_64-fedora-gcc 2.0.3 66.40 NOTE
r-devel-windows-ix86+x86_64 2.0.3 13.00 75.00 88.00 NOTE
r-devel-windows-x86_64-gcc10-UCRT 2.0.3 NOTE
r-patched-linux-x86_64 2.0.3 6.29 49.67 55.96 OK
r-patched-solaris-x86 2.0.3 104.40 OK
r-release-linux-x86_64 2.0.3 5.85 49.95 55.80 OK
r-release-macos-x86_64 2.0.3 OK
r-release-windows-ix86+x86_64 2.0.3 11.00 77.00 88.00 OK
r-oldrel-macos-x86_64 2.0.3 OK
r-oldrel-windows-ix86+x86_64 2.0.3 12.00 58.00 70.00 OK

Check Details

Version: 2.0.3
Check: LazyData
Result: NOTE
     'LazyData' is specified without a 'data' directory
Flavors: r-devel-linux-x86_64-debian-clang, r-devel-linux-x86_64-debian-gcc, r-devel-linux-x86_64-fedora-clang, r-devel-linux-x86_64-fedora-gcc, r-devel-windows-ix86+x86_64, r-devel-windows-x86_64-gcc10-UCRT