CRAN Package Check Results for Package tidycensus

Last updated on 2024-06-13 23:57:11 CEST.

Flavor Version Tinstall Tcheck Ttotal Status Flags
r-devel-linux-x86_64-debian-clang 1.6.3 14.14 104.95 119.09 OK
r-devel-linux-x86_64-debian-gcc 1.6.3 0.50 1.74 2.24 ERROR
r-devel-linux-x86_64-fedora-clang 1.6.3 151.89 NOTE
r-devel-linux-x86_64-fedora-gcc 1.6.3 141.84 NOTE
r-devel-windows-x86_64 1.6.3 15.00 91.00 106.00 OK
r-patched-linux-x86_64 1.6.3 15.38 103.00 118.38 OK
r-release-linux-x86_64 1.6.3 11.23 99.75 110.98 OK
r-release-macos-arm64 1.6.3 45.00 OK
r-release-macos-x86_64 1.6.3 65.00 OK
r-release-windows-x86_64 1.6.3 16.00 97.00 113.00 OK
r-oldrel-macos-arm64 1.6.3 47.00 OK
r-oldrel-macos-x86_64 1.6.3 122.00 OK
r-oldrel-windows-x86_64 1.6.3 20.00 110.00 130.00 OK

Check Details

Version: 1.6.3
Check: package dependencies
Result: ERROR Packages required but not available: 'dplyr', 'tigris', 'stringr', 'purrr', 'rvest', 'tidyr', 'readr', 'tidyselect' Packages suggested but not available for checking: 'ggplot2', 'srvyr' See section ‘The DESCRIPTION file’ in the ‘Writing R Extensions’ manual. Flavor: r-devel-linux-x86_64-debian-gcc

Version: 1.6.3
Check: data for non-ASCII characters
Result: NOTE Note: found 2 marked UTF-8 strings Flavors: r-devel-linux-x86_64-fedora-clang, r-devel-linux-x86_64-fedora-gcc