CRAN Package Check Results for Package tidyimpute

Last updated on 2020-02-27 19:49:00 CET.

Flavor Version Tinstall Tcheck Ttotal Status Flags
r-devel-linux-x86_64-debian-clang 0.1.0 4.41 36.82 41.23 WARN
r-devel-linux-x86_64-debian-gcc 0.1.0 3.55 28.52 32.07 WARN
r-devel-linux-x86_64-fedora-clang 0.1.0 52.66 WARN
r-devel-linux-x86_64-fedora-gcc 0.1.0 47.60 WARN
r-devel-windows-ix86+x86_64 0.1.0 10.00 47.00 57.00 OK
r-devel-windows-ix86+x86_64-gcc8 0.1.0 11.00 48.00 59.00 OK
r-patched-linux-x86_64 0.1.0 3.88 32.95 36.83 WARN
r-patched-solaris-x86 0.1.0 68.90 WARN
r-release-linux-x86_64 0.1.0 3.53 33.82 37.35 OK
r-release-windows-ix86+x86_64 0.1.0 8.00 53.00 61.00 OK
r-release-osx-x86_64 0.1.0 OK
r-oldrel-windows-ix86+x86_64 0.1.0 6.00 51.00 57.00 OK
r-oldrel-osx-x86_64 0.1.0 OK

Check Details

Version: 0.1.0
Check: Rd \usage sections
Result: WARN
    Documented arguments not in \usage in documentation object 'impute_functions':
     '...'
    
    Functions with \usage entries need to have the appropriate \alias
    entries, and all their arguments documented.
    The \usage entries must correspond to syntactically valid R code.
    See chapter 'Writing R documentation files' in the 'Writing R
    Extensions' manual.
Flavors: r-devel-linux-x86_64-debian-clang, r-devel-linux-x86_64-debian-gcc, r-devel-linux-x86_64-fedora-clang, r-devel-linux-x86_64-fedora-gcc, r-patched-linux-x86_64, r-patched-solaris-x86