Last updated on 2019-12-12 19:51:11 CET.
Flavor | Version | Tinstall | Tcheck | Ttotal | Status | Flags |
---|---|---|---|---|---|---|
r-devel-linux-x86_64-debian-clang | 1.0.0 | 36.35 | 88.05 | 124.40 | OK | |
r-devel-linux-x86_64-debian-gcc | 1.0.0 | 24.23 | 66.10 | 90.33 | OK | |
r-devel-linux-x86_64-fedora-clang | 1.0.0 | 156.21 | NOTE | |||
r-devel-linux-x86_64-fedora-gcc | 1.0.0 | 146.47 | NOTE | |||
r-devel-windows-ix86+x86_64 | 1.0.0 | 74.00 | 209.00 | 283.00 | OK | |
r-devel-windows-ix86+x86_64-gcc8 | 1.0.0 | 81.00 | 189.00 | 270.00 | OK | |
r-patched-linux-x86_64 | 1.0.0 | 30.90 | 78.40 | 109.30 | OK | |
r-patched-solaris-x86 | 1.0.0 | 176.50 | NOTE | |||
r-release-linux-x86_64 | 1.0.0 | 31.05 | 79.66 | 110.71 | OK | |
r-release-windows-ix86+x86_64 | 1.0.0 | 60.00 | 131.00 | 191.00 | OK | |
r-release-osx-x86_64 | 1.0.0 | NOTE | ||||
r-oldrel-windows-ix86+x86_64 | 1.0.0 | 53.00 | 118.00 | 171.00 | OK | |
r-oldrel-osx-x86_64 | 1.0.0 | NOTE |
Version: 1.0.0
Check: data for non-ASCII characters
Result: NOTE
Note: found 24 marked UTF-8 strings
Flavors: r-devel-linux-x86_64-fedora-clang, r-devel-linux-x86_64-fedora-gcc, r-patched-solaris-x86, r-release-osx-x86_64, r-oldrel-osx-x86_64