Last updated on 2021-04-10 19:49:55 CEST.
Flavor | Version | Tinstall | Tcheck | Ttotal | Status | Flags |
---|---|---|---|---|---|---|
r-devel-linux-x86_64-debian-clang | 1.3.0 | 9.99 | 87.12 | 97.11 | NOTE | |
r-devel-linux-x86_64-debian-gcc | 1.3.0 | 7.86 | 64.72 | 72.58 | NOTE | |
r-devel-linux-x86_64-fedora-clang | 1.3.0 | 128.86 | NOTE | |||
r-devel-linux-x86_64-fedora-gcc | 1.3.0 | 113.20 | NOTE | |||
r-devel-windows-ix86+x86_64 | 1.3.0 | 16.00 | 79.00 | 95.00 | NOTE | |
r-devel-windows-x86_64-gcc10-UCRT | 1.3.0 | NOTE | ||||
r-patched-linux-x86_64 | 1.3.0 | 10.33 | 81.18 | 91.51 | OK | |
r-patched-solaris-x86 | 1.3.0 | 167.50 | OK | |||
r-release-linux-x86_64 | 1.3.0 | 9.57 | 81.14 | 90.71 | OK | |
r-release-macos-x86_64 | 1.3.0 | OK | ||||
r-release-windows-ix86+x86_64 | 1.3.0 | 23.00 | 111.00 | 134.00 | OK | |
r-oldrel-macos-x86_64 | 1.3.0 | OK | ||||
r-oldrel-windows-ix86+x86_64 | 1.3.0 | 19.00 | 78.00 | 97.00 | OK |
Version: 1.3.0
Check: LazyData
Result: NOTE
'LazyData' is specified without a 'data' directory
Flavors: r-devel-linux-x86_64-debian-clang, r-devel-linux-x86_64-debian-gcc, r-devel-linux-x86_64-fedora-clang, r-devel-linux-x86_64-fedora-gcc, r-devel-windows-ix86+x86_64, r-devel-windows-x86_64-gcc10-UCRT
Version: 1.3.0
Check: package dependencies
Result: NOTE
Imports includes 26 non-default packages.
Importing from so many packages makes the package vulnerable to any of
them becoming unavailable. Move as many as possible to Suggests and
use conditionally.
Flavor: r-devel-linux-x86_64-fedora-clang