Last updated on 2025-01-21 17:49:31 CET.
Flavor | Version | Tinstall | Tcheck | Ttotal | Status | Flags |
---|---|---|---|---|---|---|
r-devel-linux-x86_64-debian-clang | 1.0.10 | 105.05 | 51.98 | 157.03 | OK | |
r-devel-linux-x86_64-debian-gcc | 1.0.10 | 75.07 | 38.04 | 113.11 | OK | |
r-devel-linux-x86_64-fedora-clang | 1.0.10 | 329.15 | OK | |||
r-devel-linux-x86_64-fedora-gcc | 1.0.10 | 324.71 | OK | |||
r-devel-windows-x86_64 | 1.0.10 | 116.00 | 101.00 | 217.00 | OK | |
r-patched-linux-x86_64 | 1.0.10 | 107.51 | 49.19 | 156.70 | OK | |
r-release-linux-x86_64 | 1.0.10 | 106.65 | 49.00 | 155.65 | OK | |
r-release-macos-arm64 | 1.0.10 | 80.00 | NOTE | |||
r-release-macos-x86_64 | 1.0.10 | 84.00 | NOTE | |||
r-release-windows-x86_64 | 1.0.10 | 121.00 | 96.00 | 217.00 | OK | |
r-oldrel-macos-arm64 | 1.0.10 | 114.00 | NOTE | |||
r-oldrel-macos-x86_64 | 1.0.10 | 160.00 | NOTE | |||
r-oldrel-windows-x86_64 | 1.0.10 | 135.00 | 110.00 | 245.00 | OK |
Version: 1.0.10
Check: installed package size
Result: NOTE
installed size is 9.6Mb
sub-directories of 1Mb or more:
libs 8.6Mb
Flavors: r-release-macos-arm64, r-release-macos-x86_64, r-oldrel-macos-arm64, r-oldrel-macos-x86_64