CRAN Package Check Results for Package tiff

Last updated on 2020-02-22 19:47:35 CET.

Flavor Version Tinstall Tcheck Ttotal Status Flags
r-devel-linux-x86_64-debian-clang 0.1-5 3.02 16.89 19.91 OK
r-devel-linux-x86_64-debian-gcc 0.1-5 2.20 13.80 16.00 OK
r-devel-linux-x86_64-fedora-clang 0.1-5 26.40 NOTE
r-devel-linux-x86_64-fedora-gcc 0.1-5 24.70 NOTE
r-devel-windows-ix86+x86_64 0.1-5 18.00 34.00 52.00 OK
r-devel-windows-ix86+x86_64-gcc8 0.1-5 23.00 35.00 58.00 OK
r-patched-linux-x86_64 0.1-5 OK
r-patched-solaris-x86 0.1-5 36.20 OK
r-release-linux-x86_64 0.1-5 2.35 15.88 18.23 OK
r-release-windows-ix86+x86_64 0.1-5 18.00 49.00 67.00 OK
r-release-osx-x86_64 0.1-5 OK
r-oldrel-windows-ix86+x86_64 0.1-5 16.00 32.00 48.00 OK
r-oldrel-osx-x86_64 0.1-5 OK

Additional issues

rchk

Check Details

Version: 0.1-5
Check: compiled code
Result: NOTE
    File ‘tiff/libs/tiff.so’:
     Found no calls to: ‘R_registerRoutines’, ‘R_useDynamicSymbols’
    
    It is good practice to register native routines and to disable symbol
    search.
    
    See ‘Writing portable packages’ in the ‘Writing R Extensions’ manual.
Flavors: r-devel-linux-x86_64-fedora-clang, r-devel-linux-x86_64-fedora-gcc