Last updated on 2022-05-17 21:51:00 CEST.
Flavor | Version | Tinstall | Tcheck | Ttotal | Status | Flags |
---|---|---|---|---|---|---|
r-devel-linux-x86_64-debian-clang | 0.1-11 | 6.07 | 30.85 | 36.92 | OK | |
r-devel-linux-x86_64-debian-gcc | 0.1-11 | 3.94 | 24.05 | 27.99 | OK | |
r-devel-linux-x86_64-fedora-clang | 0.1-11 | 45.26 | OK | |||
r-devel-linux-x86_64-fedora-gcc | 0.1-11 | 44.26 | OK | |||
r-devel-windows-x86_64 | 0.1-11 | 16.00 | 52.00 | 68.00 | OK | |
r-patched-linux-x86_64 | 0.1-11 | 5.10 | 29.69 | 34.79 | OK | |
r-release-linux-x86_64 | 0.1-11 | 4.83 | 30.29 | 35.12 | OK | |
r-release-macos-arm64 | 0.1-11 | 19.00 | NOTE | |||
r-release-macos-x86_64 | 0.1-11 | 29.00 | NOTE | |||
r-release-windows-x86_64 | 0.1-11 | 9.00 | 53.00 | 62.00 | OK | |
r-oldrel-macos-arm64 | 0.1-11 | 20.00 | NOTE | |||
r-oldrel-macos-x86_64 | 0.1-11 | 29.00 | NOTE | |||
r-oldrel-windows-ix86+x86_64 | 0.1-11 | 13.00 | 41.00 | 54.00 | OK |
Version: 0.1-11
Check: installed package size
Result: NOTE
installed size is 5.4Mb
sub-directories of 1Mb or more:
libs 5.3Mb
Flavors: r-release-macos-arm64, r-release-macos-x86_64, r-oldrel-macos-arm64, r-oldrel-macos-x86_64