CRAN Package Check Results for Package tiff

Last updated on 2024-02-28 02:58:20 CET.

Flavor Version Tinstall Tcheck Ttotal Status Flags
r-devel-linux-x86_64-debian-clang 0.1-12 6.13 21.98 28.11 OK
r-devel-linux-x86_64-debian-gcc 0.1-12 4.62 17.13 21.75 OK
r-devel-linux-x86_64-fedora-clang 0.1-12 36.18 OK
r-devel-linux-x86_64-fedora-gcc 0.1-12 34.96 OK
r-devel-windows-x86_64 0.1-12 8.00 50.00 58.00 OK
r-patched-linux-x86_64 0.1-12 5.99 22.01 28.00 OK
r-release-linux-x86_64 0.1-12 5.34 21.60 26.94 OK
r-release-macos-arm64 0.1-12 25.00 NOTE
r-release-macos-x86_64 0.1-12 48.00 NOTE
r-release-windows-x86_64 0.1-12 10.00 52.00 62.00 OK
r-oldrel-macos-arm64 0.1-12 31.00 NOTE
r-oldrel-windows-x86_64 0.1-12 8.00 48.00 56.00 OK

Check Details

Version: 0.1-12
Check: installed package size
Result: NOTE installed size is 5.4Mb sub-directories of 1Mb or more: libs 5.3Mb Flavors: r-release-macos-arm64, r-release-macos-x86_64, r-oldrel-macos-arm64