Last updated on 2023-12-04 20:52:53 CET.
Flavor | Version | Tinstall | Tcheck | Ttotal | Status | Flags |
---|---|---|---|---|---|---|
r-devel-linux-x86_64-debian-clang | 4031.107 | 14.09 | 227.25 | 241.34 | NOTE | |
r-devel-linux-x86_64-debian-gcc | 4031.107 | 11.92 | 188.20 | 200.12 | NOTE | |
r-devel-linux-x86_64-fedora-clang | 4031.107 | 352.80 | OK | |||
r-devel-linux-x86_64-fedora-gcc | 4031.107 | 321.78 | OK | |||
r-devel-windows-x86_64 | 4031.107 | 14.00 | 220.00 | 234.00 | OK | |
r-patched-linux-x86_64 | 4031.107 | 16.63 | 238.98 | 255.61 | OK | |
r-release-linux-x86_64 | 4031.107 | 15.38 | 229.79 | 245.17 | OK | |
r-release-macos-arm64 | 4031.107 | 136.00 | OK | |||
r-release-macos-x86_64 | 4031.107 | 433.00 | OK | |||
r-release-windows-x86_64 | 4031.107 | 13.00 | 280.00 | 293.00 | OK | |
r-oldrel-macos-arm64 | 4031.107 | 57.00 | OK | |||
r-oldrel-macos-x86_64 | 4031.107 | 83.00 | OK | |||
r-oldrel-windows-x86_64 | 4031.107 | 19.00 | 145.00 | 164.00 | OK |
Version: 4031.107
Check: Rd files
Result: NOTE
checkRd: (-1) methods-plot.Rd:166: Lost braces; missing escapes or markup?
166 | an integer code, one of {0,1,2}. If
| ^
Flavors: r-devel-linux-x86_64-debian-clang, r-devel-linux-x86_64-debian-gcc