CRAN Package Check Results for Package timelineS

Last updated on 2020-02-19 22:57:35 CET.

Flavor Version Tinstall Tcheck Ttotal Status Flags
r-devel-linux-x86_64-debian-clang 0.1.1 4.89 49.59 54.48 OK
r-devel-linux-x86_64-debian-gcc 0.1.1 3.73 36.67 40.40 OK
r-devel-linux-x86_64-fedora-clang 0.1.1 67.51 NOTE
r-devel-linux-x86_64-fedora-gcc 0.1.1 62.22 NOTE
r-devel-windows-ix86+x86_64 0.1.1 11.00 60.00 71.00 OK
r-devel-windows-ix86+x86_64-gcc8 0.1.1 20.00 59.00 79.00 OK
r-patched-linux-x86_64 0.1.1 4.52 43.80 48.32 OK
r-patched-solaris-x86 0.1.1 81.90 NOTE
r-release-linux-x86_64 0.1.1 4.49 43.20 47.69 OK
r-release-windows-ix86+x86_64 0.1.1 12.00 58.00 70.00 OK
r-release-osx-x86_64 0.1.1 NOTE
r-oldrel-windows-ix86+x86_64 0.1.1 6.00 60.00 66.00 OK
r-oldrel-osx-x86_64 0.1.1 NOTE

Check Details

Version: 0.1.1
Check: dependencies in R code
Result: NOTE
    Namespace in Imports field not imported from: ‘base’
     All declared Imports should be used.
Flavors: r-devel-linux-x86_64-fedora-clang, r-devel-linux-x86_64-fedora-gcc, r-patched-solaris-x86, r-release-osx-x86_64, r-oldrel-osx-x86_64