CRAN Package Check Results for Package timelineS

Last updated on 2019-09-23 12:48:06 CEST.

Flavor Version Tinstall Tcheck Ttotal Status Flags
r-devel-linux-x86_64-debian-clang 0.1.1 4.24 44.46 48.70 OK
r-devel-linux-x86_64-debian-gcc 0.1.1 3.13 34.11 37.24 OK
r-devel-linux-x86_64-fedora-clang 0.1.1 60.55 NOTE
r-devel-linux-x86_64-fedora-gcc 0.1.1 56.63 NOTE
r-devel-windows-ix86+x86_64 0.1.1 23.00 59.00 82.00 OK
r-patched-linux-x86_64 0.1.1 3.43 42.37 45.80 OK
r-patched-solaris-x86 0.1.1 82.40 NOTE
r-release-linux-x86_64 0.1.1 3.63 42.59 46.22 OK
r-release-windows-ix86+x86_64 0.1.1 19.00 97.00 116.00 OK
r-release-osx-x86_64 0.1.1 NOTE
r-oldrel-windows-ix86+x86_64 0.1.1 6.00 56.00 62.00 OK
r-oldrel-osx-x86_64 0.1.1 NOTE

Check Details

Version: 0.1.1
Check: dependencies in R code
Result: NOTE
    Namespace in Imports field not imported from: ‘base’
     All declared Imports should be used.
Flavors: r-devel-linux-x86_64-fedora-clang, r-devel-linux-x86_64-fedora-gcc, r-patched-solaris-x86, r-release-osx-x86_64, r-oldrel-osx-x86_64