Last updated on 2023-09-21 09:58:03 CEST.
Flavor | Version | Tinstall | Tcheck | Ttotal | Status | Flags |
---|---|---|---|---|---|---|
r-devel-linux-x86_64-debian-clang | 2.1.0 | 4.09 | 43.77 | 47.86 | OK | |
r-devel-linux-x86_64-debian-gcc | 2.1.0 | 3.06 | 33.68 | 36.74 | OK | |
r-devel-linux-x86_64-fedora-clang | 2.1.0 | 62.41 | OK | |||
r-devel-linux-x86_64-fedora-gcc | 2.1.0 | 57.27 | OK | |||
r-devel-windows-x86_64 | 2.1.0 | 6.00 | 58.00 | 64.00 | OK | |
r-patched-linux-x86_64 | 2.1.0 | 2.69 | 42.42 | 45.11 | OK | |
r-release-linux-x86_64 | 2.1.0 | 2.50 | 42.47 | 44.97 | OK | |
r-release-macos-arm64 | 2.1.0 | 23.00 | OK | |||
r-release-macos-x86_64 | 2.1.0 | 33.00 | OK | |||
r-release-windows-x86_64 | 2.1.0 | 7.00 | 63.00 | 70.00 | OK | |
r-oldrel-macos-arm64 | 2.1.0 | 31.00 | ERROR | |||
r-oldrel-macos-x86_64 | 2.1.0 | 38.00 | ERROR | |||
r-oldrel-windows-x86_64 | 2.1.0 | 6.00 | 63.00 | 69.00 | OK |
Version: 2.1.0
Check: PDF version of manual
Result: WARN
LaTeX errors when creating PDF version.
This typically indicates Rd problems.
LaTeX errors found:
! Illegal parameter number in definition of \Hy@tempa.
<to be read again>
D
l.967 visjs documentation}}
.
! Illegal parameter number in definition of \Hy@tempa.
<to be read again>
D
l.967 visjs documentation}}
.
! Illegal parameter number in definition of \Hy@tempa.
<to be read again>
D
l.967 visjs documentation}}
.
! Illegal parameter number in definition of \Hy@tempa.
<to be read again>
g
l.1023 visjs documentation}}
.
! Illegal parameter number in definition of \Hy@tempa.
<to be read again>
g
l.1023 visjs documentation}}
.
! Illegal parameter number in definition of \Hy@tempa.
<to be read again>
g
l.1023 visjs documentation}}
.
Flavors: r-oldrel-macos-arm64, r-oldrel-macos-x86_64
Version: 2.1.0
Check: PDF version of manual without index
Result: ERROR
Flavors: r-oldrel-macos-arm64, r-oldrel-macos-x86_64