CRAN Package Check Results for Package tippy

Last updated on 2021-04-16 08:48:44 CEST.

Flavor Version Tinstall Tcheck Ttotal Status Flags
r-devel-linux-x86_64-debian-clang 0.1.0 1.97 25.29 27.26 NOTE
r-devel-linux-x86_64-debian-gcc 0.1.0 1.72 19.99 21.71 NOTE
r-devel-linux-x86_64-fedora-clang 0.1.0 43.10 NOTE
r-devel-linux-x86_64-fedora-gcc 0.1.0 32.58 NOTE
r-devel-windows-ix86+x86_64 0.1.0 7.00 36.00 43.00 NOTE
r-devel-windows-x86_64-gcc10-UCRT 0.1.0 NOTE
r-patched-linux-x86_64 0.1.0 2.15 24.31 26.46 OK
r-patched-solaris-x86 0.1.0 52.90 OK
r-release-linux-x86_64 0.1.0 2.13 24.57 26.70 OK
r-release-macos-x86_64 0.1.0 OK
r-release-windows-ix86+x86_64 0.1.0 17.00 40.00 57.00 OK
r-oldrel-macos-x86_64 0.1.0 OK
r-oldrel-windows-ix86+x86_64 0.1.0 3.00 40.00 43.00 OK

Check Details

Version: 0.1.0
Check: LazyData
Result: NOTE
     'LazyData' is specified without a 'data' directory
Flavors: r-devel-linux-x86_64-debian-clang, r-devel-linux-x86_64-debian-gcc, r-devel-linux-x86_64-fedora-clang, r-devel-linux-x86_64-fedora-gcc, r-devel-windows-ix86+x86_64, r-devel-windows-x86_64-gcc10-UCRT