Last updated on 2023-09-21 07:55:09 CEST.
Flavor | Version | Tinstall | Tcheck | Ttotal | Status | Flags |
---|---|---|---|---|---|---|
r-devel-linux-x86_64-debian-clang | 0.0.1 | 55.53 | 88.48 | 144.01 | NOTE | |
r-devel-linux-x86_64-debian-gcc | 0.0.1 | 42.40 | 83.77 | 126.17 | NOTE | |
r-devel-linux-x86_64-fedora-clang | 0.0.1 | 229.76 | NOTE | |||
r-devel-linux-x86_64-fedora-gcc | 0.0.1 | 233.94 | NOTE | |||
r-devel-windows-x86_64 | 0.0.1 | 45.00 | 130.00 | 175.00 | NOTE | |
r-patched-linux-x86_64 | 0.0.1 | 55.51 | 86.09 | 141.60 | NOTE | |
r-release-linux-x86_64 | 0.0.1 | 62.63 | 106.93 | 169.56 | NOTE | |
r-release-macos-arm64 | 0.0.1 | 76.00 | NOTE | |||
r-release-macos-x86_64 | 0.0.1 | 130.00 | NOTE | |||
r-release-windows-x86_64 | 0.0.1 | 58.00 | 154.00 | 212.00 | NOTE | |
r-oldrel-macos-arm64 | 0.0.1 | 75.00 | NOTE | |||
r-oldrel-macos-x86_64 | 0.0.1 | 96.00 | NOTE | |||
r-oldrel-windows-x86_64 | 0.0.1 | 57.00 | 147.00 | 204.00 | OK |
Version: 0.0.1
Check: C++ specification
Result: NOTE
Specified C++11: please drop specification unless essential
Flavors: r-devel-linux-x86_64-debian-clang, r-devel-linux-x86_64-debian-gcc, r-devel-linux-x86_64-fedora-clang, r-devel-linux-x86_64-fedora-gcc, r-devel-windows-x86_64, r-patched-linux-x86_64, r-release-linux-x86_64, r-release-macos-arm64, r-release-macos-x86_64, r-release-windows-x86_64
Version: 0.0.1
Check: installed package size
Result: NOTE
installed size is 7.7Mb
sub-directories of 1Mb or more:
doc 2.3Mb
libs 4.9Mb
Flavors: r-release-macos-arm64, r-release-macos-x86_64, r-oldrel-macos-arm64, r-oldrel-macos-x86_64