CRAN Package Check Results for Package tlemix

Last updated on 2020-01-19 13:47:43 CET.

Flavor Version Tinstall Tcheck Ttotal Status Flags
r-devel-linux-x86_64-debian-clang 0.1.3 4.38 26.84 31.22 NOTE
r-devel-linux-x86_64-debian-gcc 0.1.3 3.16 21.59 24.75 NOTE
r-devel-linux-x86_64-fedora-clang 0.1.3 38.39 NOTE
r-devel-linux-x86_64-fedora-gcc 0.1.3 37.08 NOTE
r-devel-windows-ix86+x86_64 0.1.3 14.00 59.00 73.00 NOTE
r-devel-windows-ix86+x86_64-gcc8 0.1.3 13.00 63.00 76.00 NOTE
r-patched-linux-x86_64 0.1.3 2.66 24.59 27.25 NOTE
r-patched-solaris-x86 0.1.3 51.90 NOTE
r-release-linux-x86_64 0.1.3 2.90 24.44 27.34 NOTE
r-release-windows-ix86+x86_64 0.1.3 10.00 41.00 51.00 NOTE
r-release-osx-x86_64 0.1.3 NOTE
r-oldrel-windows-ix86+x86_64 0.1.3 6.00 38.00 44.00 NOTE
r-oldrel-osx-x86_64 0.1.3 NOTE

Check Details

Version: 0.1.3
Check: R code for possible problems
Result: NOTE
    FLXmclust.Density: no visible global function definition for 'dmvnorm'
    FLXmclust.Estimate: no visible global function definition for 'flexmix'
    FLXmclust.Estimate: no visible global function definition for
     'FLXmclust'
    coefmclust: no visible global function definition for 'parameters'
    flexmix.Density: no visible global function definition for
     'model.matrix'
    flexmix.Density: no visible global function definition for
     'model.response'
    flexmix.Density: no visible global function definition for
     'model.frame'
    flexmix.Density: no visible global function definition for 'dnorm'
    flexmix.Density: no visible global function definition for 'dpois'
    flexmix.Density: no visible global function definition for 'dbinom'
    flexmix.Estimate: no visible global function definition for 'flexmix'
    flexmix.Estimate: no visible global function definition for 'FLXglm'
    tleplot,TLE-data.frame: no visible global function definition for
     'legend'
    Undefined global functions or variables:
     FLXglm FLXmclust dbinom dmvnorm dnorm dpois flexmix legend
     model.frame model.matrix model.response parameters
    Consider adding
     importFrom("graphics", "legend")
     importFrom("stats", "dbinom", "dnorm", "dpois", "model.frame",
     "model.matrix", "model.response")
    to your NAMESPACE file.
Flavors: r-devel-linux-x86_64-debian-clang, r-devel-linux-x86_64-debian-gcc, r-devel-linux-x86_64-fedora-clang, r-devel-linux-x86_64-fedora-gcc, r-devel-windows-ix86+x86_64, r-devel-windows-ix86+x86_64-gcc8, r-patched-linux-x86_64, r-patched-solaris-x86, r-release-linux-x86_64, r-release-windows-ix86+x86_64, r-release-osx-x86_64, r-oldrel-windows-ix86+x86_64, r-oldrel-osx-x86_64