CRAN Package Check Results for Package tlemix

Last updated on 2020-08-10 02:47:14 CEST.

Flavor Version Tinstall Tcheck Ttotal Status Flags
r-devel-linux-x86_64-debian-clang 0.1.3 4.11 27.58 31.69 NOTE
r-devel-linux-x86_64-debian-gcc 0.1.3 3.29 21.67 24.96 NOTE
r-devel-linux-x86_64-fedora-clang 0.1.3 46.34 NOTE
r-devel-linux-x86_64-fedora-gcc 0.1.3 37.19 NOTE
r-devel-windows-ix86+x86_64 0.1.3 12.00 62.00 74.00 NOTE
r-patched-linux-x86_64 0.1.3 3.68 27.25 30.93 NOTE
r-patched-solaris-x86 0.1.3 57.50 NOTE
r-release-linux-x86_64 0.1.3 3.80 27.03 30.83 NOTE
r-release-macos-x86_64 0.1.3 NOTE
r-release-windows-ix86+x86_64 0.1.3 13.00 43.00 56.00 NOTE
r-oldrel-macos-x86_64 0.1.3 NOTE
r-oldrel-windows-ix86+x86_64 0.1.3 7.00 53.00 60.00 NOTE

Check Details

Version: 0.1.3
Check: R code for possible problems
Result: NOTE
    FLXmclust.Density: no visible global function definition for 'dmvnorm'
    FLXmclust.Estimate: no visible global function definition for 'flexmix'
    FLXmclust.Estimate: no visible global function definition for
     'FLXmclust'
    coefmclust: no visible global function definition for 'parameters'
    flexmix.Density: no visible global function definition for
     'model.matrix'
    flexmix.Density: no visible global function definition for
     'model.response'
    flexmix.Density: no visible global function definition for
     'model.frame'
    flexmix.Density: no visible global function definition for 'dnorm'
    flexmix.Density: no visible global function definition for 'dpois'
    flexmix.Density: no visible global function definition for 'dbinom'
    flexmix.Estimate: no visible global function definition for 'flexmix'
    flexmix.Estimate: no visible global function definition for 'FLXglm'
    tleplot,TLE-data.frame: no visible global function definition for
     'legend'
    Undefined global functions or variables:
     FLXglm FLXmclust dbinom dmvnorm dnorm dpois flexmix legend
     model.frame model.matrix model.response parameters
    Consider adding
     importFrom("graphics", "legend")
     importFrom("stats", "dbinom", "dnorm", "dpois", "model.frame",
     "model.matrix", "model.response")
    to your NAMESPACE file.
Flavors: r-devel-linux-x86_64-debian-clang, r-devel-linux-x86_64-debian-gcc, r-devel-linux-x86_64-fedora-clang, r-devel-linux-x86_64-fedora-gcc, r-devel-windows-ix86+x86_64, r-patched-linux-x86_64, r-patched-solaris-x86, r-release-linux-x86_64, r-release-macos-x86_64, r-release-windows-ix86+x86_64, r-oldrel-macos-x86_64, r-oldrel-windows-ix86+x86_64

Version: 0.1.3
Check: Rd cross-references
Result: NOTE
    Undeclared package ‘modeltools’ in Rd xrefs
Flavor: r-devel-linux-x86_64-fedora-clang