Last updated on 2022-06-25 02:52:30 CEST.
Flavor | Version | Tinstall | Tcheck | Ttotal | Status | Flags |
---|---|---|---|---|---|---|
r-devel-linux-x86_64-debian-clang | 0.2-13 | 3.84 | 32.13 | 35.97 | OK | |
r-devel-linux-x86_64-debian-gcc | 0.2-13 | 3.12 | 22.35 | 25.47 | OK | |
r-devel-linux-x86_64-fedora-clang | 0.2-13 | 50.66 | NOTE | |||
r-devel-linux-x86_64-fedora-gcc | 0.2-13 | 49.27 | NOTE | |||
r-devel-windows-x86_64 | 0.2-13 | 27.00 | 59.00 | 86.00 | OK | |
r-patched-linux-x86_64 | 0.2-13 | 4.28 | 27.49 | 31.77 | OK | |
r-release-linux-x86_64 | 0.2-13 | 3.54 | 27.71 | 31.25 | OK | |
r-release-macos-arm64 | 0.2-13 | 17.00 | NOTE | |||
r-release-macos-x86_64 | 0.2-13 | 29.00 | NOTE | |||
r-release-windows-x86_64 | 0.2-13 | 31.00 | 57.00 | 88.00 | OK | |
r-oldrel-macos-arm64 | 0.2-13 | 26.00 | NOTE | |||
r-oldrel-macos-x86_64 | 0.2-13 | 35.00 | NOTE | |||
r-oldrel-windows-ix86+x86_64 | 0.2-13 | 14.00 | 69.00 | 83.00 | OK |
Version: 0.2-13
Check: data for non-ASCII characters
Result: NOTE
Note: found 134043 marked UTF-8 strings
Flavors: r-devel-linux-x86_64-fedora-clang, r-devel-linux-x86_64-fedora-gcc, r-release-macos-arm64, r-release-macos-x86_64, r-oldrel-macos-arm64, r-oldrel-macos-x86_64