CRAN Package Check Results for Package tmvmixnorm

Last updated on 2022-05-26 20:49:17 CEST.

Flavor Version Tinstall Tcheck Ttotal Status Flags
r-devel-linux-x86_64-debian-clang 1.1.1 2.69 34.76 37.45 NOTE
r-devel-linux-x86_64-debian-gcc 1.1.1 2.25 29.13 31.38 NOTE
r-devel-linux-x86_64-fedora-clang 1.1.1 46.05 NOTE
r-devel-linux-x86_64-fedora-gcc 1.1.1 34.52 NOTE
r-devel-windows-x86_64 1.1.1 28.00 51.00 79.00 NOTE
r-patched-linux-x86_64 1.1.1 2.17 33.62 35.79 NOTE
r-release-linux-x86_64 1.1.1 2.02 33.47 35.49 NOTE
r-release-macos-arm64 1.1.1 15.00 NOTE
r-release-macos-x86_64 1.1.1 21.00 NOTE
r-release-windows-x86_64 1.1.1 28.00 51.00 79.00 NOTE
r-oldrel-macos-arm64 1.1.1 25.00 NOTE
r-oldrel-macos-x86_64 1.1.1 27.00 NOTE
r-oldrel-windows-ix86+x86_64 1.1.1 6.00 41.00 47.00 NOTE

Check Details

Version: 1.1.1
Check: LazyData
Result: NOTE
     'LazyData' is specified without a 'data' directory
Flavors: r-devel-linux-x86_64-debian-clang, r-devel-linux-x86_64-debian-gcc, r-devel-linux-x86_64-fedora-clang, r-devel-linux-x86_64-fedora-gcc, r-devel-windows-x86_64, r-patched-linux-x86_64, r-release-linux-x86_64, r-release-macos-arm64, r-release-macos-x86_64, r-release-windows-x86_64, r-oldrel-macos-arm64, r-oldrel-macos-x86_64, r-oldrel-windows-ix86+x86_64