CRAN Package Check Results for Package tokenizers

Last updated on 2024-02-28 02:58:20 CET.

Flavor Version Tinstall Tcheck Ttotal Status Flags
r-devel-linux-x86_64-debian-clang 0.3.0 29.80 46.31 76.11 OK
r-devel-linux-x86_64-debian-gcc 0.3.0 25.17 35.70 60.87 OK
r-devel-linux-x86_64-fedora-clang 0.3.0 107.82 NOTE
r-devel-linux-x86_64-fedora-gcc 0.3.0 119.36 NOTE
r-devel-windows-x86_64 0.3.0 27.00 77.00 104.00 OK
r-patched-linux-x86_64 0.3.0 28.62 45.06 73.68 OK
r-release-linux-x86_64 0.3.0 31.33 44.49 75.82 OK
r-release-macos-arm64 0.3.0 41.00 OK
r-release-macos-x86_64 0.3.0 61.00 OK
r-release-windows-x86_64 0.3.0 27.00 86.00 113.00 OK
r-oldrel-macos-arm64 0.3.0 37.00 OK
r-oldrel-windows-x86_64 0.3.0 30.00 84.00 114.00 OK

Check Details

Version: 0.3.0
Check: data for non-ASCII characters
Result: NOTE Note: found 1 marked UTF-8 string Flavors: r-devel-linux-x86_64-fedora-clang, r-devel-linux-x86_64-fedora-gcc