Last updated on 2023-03-23 00:51:27 CET.
Flavor | Version | Tinstall | Tcheck | Ttotal | Status | Flags |
---|---|---|---|---|---|---|
r-devel-linux-x86_64-debian-clang | 0.0.2 | 8.14 | 71.26 | 79.40 | OK | |
r-devel-linux-x86_64-debian-gcc | 0.0.2 | 5.89 | 52.99 | 58.88 | OK | |
r-devel-linux-x86_64-fedora-clang | 0.0.2 | 98.59 | OK | |||
r-devel-linux-x86_64-fedora-gcc | 0.0.2 | 90.22 | OK | |||
r-patched-linux-x86_64 | 0.0.2 | 7.57 | 69.77 | 77.34 | OK | |
r-release-linux-x86_64 | 0.0.2 | 8.20 | 69.31 | 77.51 | OK | |
r-release-macos-arm64 | 0.0.2 | 28.00 | OK | |||
r-release-macos-x86_64 | 0.0.2 | 40.00 | OK | |||
r-release-windows-x86_64 | 0.0.2 | 19.00 | 99.00 | 118.00 | OK | |
r-oldrel-macos-arm64 | 0.0.2 | 35.00 | OK | |||
r-oldrel-macos-x86_64 | 0.0.2 | 43.00 | OK | |||
r-oldrel-windows-ix86+x86_64 | 0.0.2 | 22.00 | 95.00 | 117.00 | NOTE |
Version: 0.0.2
Check: R code for possible problems
Result: NOTE
Initiating curl with CURL_SSL_BACKEND: openssl
Flavor: r-oldrel-windows-ix86+x86_64