CRAN Package Check Results for Package trackeRapp

Last updated on 2020-12-03 11:49:06 CET.

Flavor Version Tinstall Tcheck Ttotal Status Flags
r-devel-linux-x86_64-debian-clang 1.1 15.23 117.48 132.71 OK
r-devel-linux-x86_64-debian-gcc 1.1 13.50 89.08 102.58 OK
r-devel-linux-x86_64-fedora-clang 1.1 166.00 NOTE
r-devel-linux-x86_64-fedora-gcc 1.1 150.98 NOTE
r-devel-windows-ix86+x86_64 1.1 36.00 102.00 138.00 OK
r-patched-linux-x86_64 1.1 11.82 109.82 121.64 OK
r-patched-solaris-x86 1.1 232.10 NOTE
r-release-linux-x86_64 1.1 10.77 107.66 118.43 OK
r-release-macos-x86_64 1.1 NOTE
r-release-windows-ix86+x86_64 1.1 28.00 118.00 146.00 OK
r-oldrel-macos-x86_64 1.1 ERROR
r-oldrel-windows-ix86+x86_64 1.0 37.00 153.00 190.00 OK

Check Details

Version: 1.1
Check: dependencies in R code
Result: NOTE
    Namespaces in Imports field not imported from:
     ‘V8’ ‘colorspace’
     All declared Imports should be used.
Flavors: r-devel-linux-x86_64-fedora-clang, r-devel-linux-x86_64-fedora-gcc, r-patched-solaris-x86, r-release-macos-x86_64

Version: 1.1
Check: whether package can be installed
Result: ERROR
    Installation failed.
Flavor: r-oldrel-macos-x86_64