CRAN Package Check Results for Package traitr

Last updated on 2020-02-23 10:49:07 CET.

Flavor Version Tinstall Tcheck Ttotal Status Flags
r-devel-linux-x86_64-debian-clang 0.14 6.49 47.09 53.58 NOTE
r-devel-linux-x86_64-debian-gcc 0.14 4.99 37.78 42.77 NOTE
r-devel-linux-x86_64-fedora-clang 0.14 71.63 NOTE
r-devel-linux-x86_64-fedora-gcc 0.14 67.93 NOTE
r-devel-windows-ix86+x86_64 0.14 13.00 64.00 77.00 NOTE
r-devel-windows-ix86+x86_64-gcc8 0.14 16.00 70.00 86.00 NOTE
r-patched-linux-x86_64 0.14 NOTE
r-patched-solaris-x86 0.14 85.90 NOTE
r-release-linux-x86_64 0.14 4.80 43.57 48.37 NOTE
r-release-windows-ix86+x86_64 0.14 9.00 58.00 67.00 NOTE
r-release-osx-x86_64 0.14 NOTE
r-oldrel-windows-ix86+x86_64 0.14 11.00 58.00 69.00 NOTE
r-oldrel-osx-x86_64 0.14 NOTE

Check Details

Version: 0.14
Check: DESCRIPTION meta-information
Result: NOTE
    Malformed Title field: should not end in a period.
Flavors: r-devel-linux-x86_64-debian-clang, r-devel-linux-x86_64-debian-gcc, r-devel-linux-x86_64-fedora-clang, r-devel-linux-x86_64-fedora-gcc, r-devel-windows-ix86+x86_64, r-devel-windows-ix86+x86_64-gcc8, r-patched-linux-x86_64, r-patched-solaris-x86, r-release-linux-x86_64, r-release-windows-ix86+x86_64, r-release-osx-x86_64, r-oldrel-windows-ix86+x86_64, r-oldrel-osx-x86_64