CRAN Package Check Results for Package traitr

Last updated on 2019-09-22 08:48:28 CEST.

Flavor Version Tinstall Tcheck Ttotal Status Flags
r-devel-linux-x86_64-debian-clang 0.14 6.59 42.88 49.47 NOTE
r-devel-linux-x86_64-debian-gcc 0.14 5.37 35.27 40.64 NOTE
r-devel-linux-x86_64-fedora-clang 0.14 63.85 NOTE
r-devel-linux-x86_64-fedora-gcc 0.14 65.54 NOTE
r-devel-windows-ix86+x86_64 0.14 15.00 60.00 75.00 NOTE
r-patched-linux-x86_64 0.14 4.71 43.13 47.84 NOTE
r-patched-solaris-x86 0.14 84.10 NOTE
r-release-linux-x86_64 0.14 5.48 43.43 48.91 NOTE
r-release-windows-ix86+x86_64 0.14 11.00 60.00 71.00 NOTE
r-release-osx-x86_64 0.14 NOTE
r-oldrel-windows-ix86+x86_64 0.14 8.00 56.00 64.00 NOTE
r-oldrel-osx-x86_64 0.14 NOTE

Check Details

Version: 0.14
Check: DESCRIPTION meta-information
Result: NOTE
    Malformed Title field: should not end in a period.
Flavors: r-devel-linux-x86_64-debian-clang, r-devel-linux-x86_64-debian-gcc, r-devel-linux-x86_64-fedora-clang, r-devel-linux-x86_64-fedora-gcc, r-devel-windows-ix86+x86_64, r-patched-linux-x86_64, r-patched-solaris-x86, r-release-linux-x86_64, r-release-windows-ix86+x86_64, r-release-osx-x86_64, r-oldrel-windows-ix86+x86_64, r-oldrel-osx-x86_64