CRAN Package Check Results for Package traitstrap

Last updated on 2024-02-27 16:49:31 CET.

Flavor Version Tinstall Tcheck Ttotal Status Flags
r-devel-linux-x86_64-debian-clang 0.1.0 11.72 278.78 290.50 NOTE
r-devel-linux-x86_64-debian-gcc 0.1.0 9.61 205.91 215.52 NOTE
r-devel-linux-x86_64-fedora-clang 0.1.0 345.69 NOTE
r-devel-linux-x86_64-fedora-gcc 0.1.0 352.10 NOTE
r-devel-windows-x86_64 0.1.0 11.00 226.00 237.00 OK
r-patched-linux-x86_64 0.1.0 10.36 272.52 282.88 OK
r-release-linux-x86_64 0.1.0 7.61 271.83 279.44 OK
r-release-macos-arm64 0.1.0 102.00 OK
r-release-macos-x86_64 0.1.0 274.00 OK
r-release-windows-x86_64 0.1.0 13.00 272.00 285.00 OK
r-oldrel-macos-arm64 0.1.0 94.00 OK
r-oldrel-windows-x86_64 0.1.0 17.00 277.00 294.00 OK

Check Details

Version: 0.1.0
Check: Rd files
Result: NOTE checkRd: (-1) trait_missing.Rd:17-18: Lost braces in \itemize; \value handles \item{}{} directly checkRd: (-1) trait_missing.Rd:19-20: Lost braces in \itemize; \value handles \item{}{} directly checkRd: (-1) trait_missing.Rd:21-22: Lost braces in \itemize; \value handles \item{}{} directly checkRd: (-1) trait_missing.Rd:23-24: Lost braces in \itemize; \value handles \item{}{} directly Flavors: r-devel-linux-x86_64-debian-clang, r-devel-linux-x86_64-debian-gcc, r-devel-linux-x86_64-fedora-clang, r-devel-linux-x86_64-fedora-gcc