Last updated on 2022-05-19 08:52:20 CEST.
Flavor | Version | Tinstall | Tcheck | Ttotal | Status | Flags |
---|---|---|---|---|---|---|
r-devel-linux-x86_64-debian-clang | 0.2-3 | 13.51 | 189.77 | 203.28 | NOTE | |
r-devel-linux-x86_64-debian-gcc | 0.2-3 | 11.11 | 140.09 | 151.20 | NOTE | |
r-devel-linux-x86_64-fedora-clang | 0.2-3 | 225.32 | NOTE | |||
r-devel-linux-x86_64-fedora-gcc | 0.2-3 | 219.68 | NOTE | |||
r-devel-windows-x86_64 | 0.2-3 | 84.00 | 255.00 | 339.00 | NOTE | |
r-patched-linux-x86_64 | 0.2-3 | 14.74 | 180.99 | 195.73 | NOTE | |
r-release-linux-x86_64 | 0.2-3 | 16.34 | 174.89 | 191.23 | NOTE | |
r-release-macos-arm64 | 0.2-3 | 71.00 | NOTE | |||
r-release-macos-x86_64 | 0.2-3 | 89.00 | NOTE | |||
r-release-windows-x86_64 | 0.2-3 | 82.00 | 243.00 | 325.00 | NOTE | |
r-oldrel-macos-arm64 | 0.2-3 | 79.00 | NOTE | |||
r-oldrel-macos-x86_64 | 0.2-3 | 139.00 | NOTE | |||
r-oldrel-windows-ix86+x86_64 | 0.2-3 | 25.00 | 227.00 | 252.00 | NOTE |
Version: 0.2-3
Check: package dependencies
Result: NOTE
Package suggested but not available for checking: 'taxidata'
Flavors: r-devel-linux-x86_64-debian-clang, r-devel-linux-x86_64-debian-gcc, r-devel-linux-x86_64-fedora-clang, r-devel-linux-x86_64-fedora-gcc, r-devel-windows-x86_64, r-patched-linux-x86_64, r-release-linux-x86_64, r-release-macos-arm64, r-release-macos-x86_64, r-release-windows-x86_64, r-oldrel-macos-arm64, r-oldrel-macos-x86_64, r-oldrel-windows-ix86+x86_64