CRAN Package Check Results for Package tranSurv

Last updated on 2021-09-17 07:51:46 CEST.

Flavor Version Tinstall Tcheck Ttotal Status Flags
r-devel-linux-x86_64-debian-clang 1.2.2 12.32 85.31 97.63 NOTE
r-devel-linux-x86_64-debian-gcc 1.2.2 10.13 64.09 74.22 NOTE
r-devel-linux-x86_64-fedora-clang 1.2.2 123.07 NOTE
r-devel-linux-x86_64-fedora-gcc 1.2.2 114.45 NOTE
r-devel-windows-x86_64 1.2.2 22.00 115.00 137.00 NOTE
r-devel-windows-x86_64-gcc10-UCRT 1.2.2 NOTE
r-patched-linux-x86_64 1.2.2 11.66 82.76 94.42 NOTE
r-patched-solaris-x86 1.2.2 171.10 NOTE
r-release-linux-x86_64 1.2.2 11.42 82.12 93.54 NOTE
r-release-macos-arm64 1.2.2 NOTE
r-release-macos-x86_64 1.2.2 NOTE
r-release-windows-ix86+x86_64 1.2.2 27.00 105.00 132.00 NOTE
r-oldrel-macos-x86_64 1.2.2 OK
r-oldrel-windows-ix86+x86_64 1.2.2 19.00 144.00 163.00 OK

Check Details

Version: 1.2.2
Check: LazyData
Result: NOTE
     'LazyData' is specified without a 'data' directory
Flavors: r-devel-linux-x86_64-debian-clang, r-devel-linux-x86_64-debian-gcc, r-devel-linux-x86_64-fedora-clang, r-devel-linux-x86_64-fedora-gcc, r-devel-windows-x86_64, r-devel-windows-x86_64-gcc10-UCRT, r-patched-linux-x86_64, r-patched-solaris-x86, r-release-linux-x86_64, r-release-macos-arm64, r-release-macos-x86_64, r-release-windows-ix86+x86_64