CRAN Package Check Results for Package tranSurv

Last updated on 2021-11-28 04:53:25 CET.

Flavor Version Tinstall Tcheck Ttotal Status Flags
r-devel-linux-x86_64-debian-clang 1.2.2 NOTE
r-devel-linux-x86_64-debian-gcc 1.2.2 9.72 64.12 73.84 NOTE
r-devel-linux-x86_64-fedora-clang 1.2.2 134.61 NOTE
r-devel-linux-x86_64-fedora-gcc 1.2.2 113.36 NOTE
r-devel-windows-x86_64-new-UL 1.2.2 23.00 121.00 144.00 NOTE
r-devel-windows-x86_64-new-TK 1.2.2 NOTE
r-devel-windows-x86_64-old 1.2.2 13.00 114.00 127.00 NOTE
r-patched-linux-x86_64 1.2.2 12.94 79.59 92.53 NOTE
r-patched-solaris-x86 1.2.2 177.50 NOTE
r-release-linux-x86_64 1.2.2 12.57 80.91 93.48 NOTE
r-release-macos-arm64 1.2.2 NOTE
r-release-macos-x86_64 1.2.2 NOTE
r-release-windows-ix86+x86_64 1.2.2 26.00 116.00 142.00 NOTE
r-oldrel-macos-x86_64 1.2.2 OK
r-oldrel-windows-ix86+x86_64 1.2.2 20.00 147.00 167.00 OK

Check Details

Version: 1.2.2
Check: LazyData
Result: NOTE
     'LazyData' is specified without a 'data' directory
Flavors: r-devel-linux-x86_64-debian-clang, r-devel-linux-x86_64-debian-gcc, r-devel-linux-x86_64-fedora-clang, r-devel-linux-x86_64-fedora-gcc, r-devel-windows-x86_64-new-UL, r-devel-windows-x86_64-new-TK, r-devel-windows-x86_64-old, r-patched-linux-x86_64, r-patched-solaris-x86, r-release-linux-x86_64, r-release-macos-arm64, r-release-macos-x86_64, r-release-windows-ix86+x86_64