CRAN Package Check Results for Package translate

Last updated on 2019-08-22 20:47:34 CEST.

Flavor Version Tinstall Tcheck Ttotal Status Flags
r-devel-linux-x86_64-debian-clang 0.1.2 2.29 26.96 29.25 NOTE
r-devel-linux-x86_64-debian-gcc 0.1.2 2.18 22.28 24.46 NOTE
r-devel-linux-x86_64-fedora-clang 0.1.2 36.27 NOTE
r-devel-linux-x86_64-fedora-gcc 0.1.2 35.94 NOTE
r-devel-windows-ix86+x86_64 0.1.2 8.00 78.00 86.00 NOTE
r-patched-linux-x86_64 0.1.2 2.29 26.27 28.56 NOTE
r-patched-solaris-x86 0.1.2 59.20 NOTE
r-release-linux-x86_64 0.1.2 2.15 26.44 28.59 NOTE
r-release-windows-ix86+x86_64 0.1.2 8.00 44.00 52.00 NOTE
r-release-osx-x86_64 0.1.2 NOTE
r-oldrel-windows-ix86+x86_64 0.1.2 3.00 55.00 58.00 NOTE
r-oldrel-osx-x86_64 0.1.2 NOTE

Check Details

Version: 0.1.2
Check: DESCRIPTION meta-information
Result: NOTE
    Malformed Description field: should contain one or more complete sentences.
Flavors: r-devel-linux-x86_64-debian-clang, r-devel-linux-x86_64-debian-gcc, r-devel-linux-x86_64-fedora-clang, r-devel-linux-x86_64-fedora-gcc, r-devel-windows-ix86+x86_64, r-patched-linux-x86_64, r-patched-solaris-x86, r-release-linux-x86_64, r-release-windows-ix86+x86_64, r-release-osx-x86_64, r-oldrel-windows-ix86+x86_64, r-oldrel-osx-x86_64