CRAN Package Check Results for Package treeDA

Last updated on 2020-02-19 22:57:36 CET.

Flavor Version Tinstall Tcheck Ttotal Status Flags
r-devel-linux-x86_64-debian-clang 0.0.4 24.08 322.18 346.26 OK
r-devel-linux-x86_64-debian-gcc 0.0.4 19.49 232.35 251.84 OK
r-devel-linux-x86_64-fedora-clang 0.0.4 433.50 OK
r-devel-linux-x86_64-fedora-gcc 0.0.4 399.84 OK
r-devel-windows-ix86+x86_64 0.0.4 41.00 383.00 424.00 OK
r-devel-windows-ix86+x86_64-gcc8 0.0.4 38.00 5.00 43.00 ERROR
r-patched-linux-x86_64 0.0.4 19.03 265.27 284.30 OK
r-patched-solaris-x86 0.0.4 600.20 OK
r-release-linux-x86_64 0.0.4 20.82 262.10 282.92 OK
r-release-windows-ix86+x86_64 0.0.4 44.00 266.00 310.00 OK
r-release-osx-x86_64 0.0.4 OK
r-oldrel-windows-ix86+x86_64 0.0.4 27.00 273.00 300.00 OK
r-oldrel-osx-x86_64 0.0.4 OK

Check Details

Version: 0.0.4
Check: whether package can be installed
Result: ERROR
    Installation failed.
Flavor: r-devel-windows-ix86+x86_64-gcc8