CRAN Package Check Results for Package treebalance

Last updated on 2022-01-23 20:52:15 CET.

Flavor Version Tinstall Tcheck Ttotal Status Flags
r-devel-linux-x86_64-debian-clang 1.1.0 4.50 39.66 44.16 OK
r-devel-linux-x86_64-debian-gcc 1.1.0 3.40 33.83 37.23 OK
r-devel-linux-x86_64-fedora-clang 1.1.0 55.99 NOTE
r-devel-linux-x86_64-fedora-gcc 1.1.0 45.04 NOTE
r-devel-windows-x86_64-new-UL 1.1.0 88.00 62.00 150.00 OK
r-devel-windows-x86_64-new-TK 1.1.0 NOTE
r-patched-linux-x86_64 1.1.0 4.04 39.02 43.06 OK
r-release-linux-x86_64 1.1.0 4.07 39.08 43.15 OK
r-release-macos-arm64 1.1.0 NOTE
r-release-macos-x86_64 1.1.0 NOTE
r-release-windows-ix86+x86_64 1.1.0 8.00 50.00 58.00 OK
r-oldrel-macos-x86_64 1.1.0 NOTE
r-oldrel-windows-ix86+x86_64 1.1.0 9.00 49.00 58.00 OK

Check Details

Version: 1.1.0
Check: dependencies in R code
Result: NOTE
    Namespace in Imports field not imported from: ‘memoise’
     All declared Imports should be used.
Flavors: r-devel-linux-x86_64-fedora-clang, r-devel-linux-x86_64-fedora-gcc, r-devel-windows-x86_64-new-TK, r-release-macos-arm64, r-release-macos-x86_64, r-oldrel-macos-x86_64