CRAN Package Check Results for Package triangle

Last updated on 2022-08-09 23:54:09 CEST.

Flavor Version Tinstall Tcheck Ttotal Status Flags
r-devel-linux-x86_64-debian-clang 0.12 3.02 29.65 32.67 NOTE
r-devel-linux-x86_64-debian-gcc 0.12 2.25 23.55 25.80 NOTE
r-devel-linux-x86_64-fedora-clang 0.12 49.05 NOTE
r-devel-linux-x86_64-fedora-gcc 0.12 51.87 NOTE
r-devel-windows-x86_64 0.12 9.00 55.00 64.00 NOTE
r-patched-linux-x86_64 0.12 3.13 28.64 31.77 NOTE
r-release-linux-x86_64 0.12 NOTE
r-release-macos-arm64 0.12 18.00 NOTE
r-release-macos-x86_64 0.12 24.00 NOTE
r-release-windows-x86_64 0.12 16.00 55.00 71.00 NOTE
r-oldrel-macos-arm64 0.12 26.00 NOTE
r-oldrel-macos-x86_64 0.12 34.00 NOTE
r-oldrel-windows-ix86+x86_64 0.12 7.00 55.00 62.00 NOTE

Check Details

Version: 0.12
Check: Rd files
Result: NOTE
    checkRd: (-1) ltriangle.Rd:63: Escaped LaTeX specials: \&
    checkRd: (-1) triangle.Rd:70: Escaped LaTeX specials: \&
Flavors: r-devel-linux-x86_64-debian-clang, r-devel-linux-x86_64-debian-gcc, r-devel-linux-x86_64-fedora-clang, r-devel-linux-x86_64-fedora-gcc, r-devel-windows-x86_64

Version: 0.12
Check: LazyData
Result: NOTE
     'LazyData' is specified without a 'data' directory
Flavors: r-devel-linux-x86_64-debian-clang, r-devel-linux-x86_64-debian-gcc, r-devel-linux-x86_64-fedora-clang, r-devel-linux-x86_64-fedora-gcc, r-devel-windows-x86_64, r-patched-linux-x86_64, r-release-linux-x86_64, r-release-macos-arm64, r-release-macos-x86_64, r-release-windows-x86_64, r-oldrel-macos-arm64, r-oldrel-macos-x86_64, r-oldrel-windows-ix86+x86_64