CRAN Package Check Results for Package triebeard

Last updated on 2020-01-23 04:47:58 CET.

Flavor Version Tinstall Tcheck Ttotal Status Flags
r-devel-linux-x86_64-debian-clang 0.3.0 78.88 30.70 109.58 OK
r-devel-linux-x86_64-debian-gcc 0.3.0 51.99 24.56 76.55 OK
r-devel-linux-x86_64-fedora-clang 0.3.0 156.06 NOTE
r-devel-linux-x86_64-fedora-gcc 0.3.0 140.16 NOTE
r-devel-windows-ix86+x86_64 0.3.0 222.00 96.00 318.00 OK
r-devel-windows-ix86+x86_64-gcc8 0.3.0 206.00 73.00 279.00 OK
r-patched-linux-x86_64 0.3.0 60.65 27.88 88.53 OK
r-patched-solaris-x86 0.3.0 130.20 OK
r-release-linux-x86_64 0.3.0 61.65 27.75 89.40 OK
r-release-windows-ix86+x86_64 0.3.0 229.00 100.00 329.00 OK
r-release-osx-x86_64 0.3.0 OK
r-oldrel-windows-ix86+x86_64 0.3.0 139.00 62.00 201.00 OK
r-oldrel-osx-x86_64 0.3.0 OK

Check Details

Version: 0.3.0
Check: compiled code
Result: NOTE
    File ‘triebeard/libs/triebeard.so’:
     Found no calls to: ‘R_registerRoutines’, ‘R_useDynamicSymbols’
    
    It is good practice to register native routines and to disable symbol
    search.
    
    See ‘Writing portable packages’ in the ‘Writing R Extensions’ manual.
Flavors: r-devel-linux-x86_64-fedora-clang, r-devel-linux-x86_64-fedora-gcc