CRAN Package Check Results for Package triebeard

Last updated on 2019-09-15 05:46:29 CEST.

Flavor Version Tinstall Tcheck Ttotal Status Flags
r-devel-linux-x86_64-debian-clang 0.3.0 65.26 27.53 92.79 OK
r-devel-linux-x86_64-debian-gcc 0.3.0 52.63 22.70 75.33 OK
r-devel-linux-x86_64-fedora-clang 0.3.0 153.25 NOTE
r-devel-linux-x86_64-fedora-gcc 0.3.0 138.18 NOTE
r-devel-windows-ix86+x86_64 0.3.0 169.00 63.00 232.00 OK
r-patched-linux-x86_64 0.3.0 62.61 27.40 90.01 OK
r-patched-solaris-x86 0.3.0 129.40 OK
r-release-linux-x86_64 0.3.0 60.88 27.45 88.33 OK
r-release-windows-ix86+x86_64 0.3.0 126.00 66.00 192.00 OK
r-release-osx-x86_64 0.3.0 OK
r-oldrel-windows-ix86+x86_64 0.3.0 166.00 60.00 226.00 OK
r-oldrel-osx-x86_64 0.3.0 OK

Check Details

Version: 0.3.0
Check: compiled code
Result: NOTE
    File ‘triebeard/libs/triebeard.so’:
     Found no calls to: ‘R_registerRoutines’, ‘R_useDynamicSymbols’
    
    It is good practice to register native routines and to disable symbol
    search.
    
    See ‘Writing portable packages’ in the ‘Writing R Extensions’ manual.
Flavors: r-devel-linux-x86_64-fedora-clang, r-devel-linux-x86_64-fedora-gcc