CRAN Package Check Results for Package trtf

Last updated on 2021-02-28 00:49:00 CET.

Flavor Version Tinstall Tcheck Ttotal Status Flags
r-devel-linux-x86_64-debian-clang 0.3-7 9.21 170.64 179.85 OK
r-devel-linux-x86_64-debian-gcc 0.3-7 6.84 124.71 131.55 OK
r-devel-linux-x86_64-fedora-clang 0.3-7 218.41 OK
r-devel-linux-x86_64-fedora-gcc 0.3-7 214.24 OK
r-devel-windows-ix86+x86_64 0.3-7 13.00 160.00 173.00 OK
r-patched-linux-x86_64 0.3-7 8.15 160.41 168.56 OK
r-patched-solaris-x86 0.3-7 288.00 OK
r-release-linux-x86_64 0.3-7 7.26 157.96 165.22 OK
r-release-macos-x86_64 0.3-7 OK
r-release-windows-ix86+x86_64 0.3-7 4.00 8.00 12.00 ERROR
r-oldrel-macos-x86_64 0.3-7 OK
r-oldrel-windows-ix86+x86_64 0.3-7 11.00 178.00 189.00 OK

Check Details

Version: 0.3-7
Check: whether package can be installed
Result: ERROR
    Installation failed.
Flavor: r-release-windows-ix86+x86_64