CRAN Package Check Results for Package truthiness

Last updated on 2021-10-28 12:59:35 CEST.

Flavor Version Tinstall Tcheck Ttotal Status Flags
r-devel-linux-x86_64-debian-clang 1.2.5 5.09 81.35 86.44 OK
r-devel-linux-x86_64-debian-gcc 1.2.5 4.25 61.23 65.48 OK
r-devel-linux-x86_64-fedora-clang 1.2.5 113.30 NOTE
r-devel-linux-x86_64-fedora-gcc 1.2.5 101.54 NOTE
r-devel-windows-x86_64 1.2.5 10.00 82.00 92.00 OK
r-devel-windows-x86_64-gcc10-UCRT 1.2.5 NOTE
r-patched-linux-x86_64 1.2.5 5.39 77.76 83.15 OK
r-patched-solaris-x86 1.2.5 135.60 NOTE
r-release-linux-x86_64 1.2.5 5.40 76.14 81.54 OK
r-release-macos-arm64 1.2.5 NOTE
r-release-macos-x86_64 1.2.5 NOTE
r-release-windows-ix86+x86_64 1.2.5 8.00 115.00 123.00 OK
r-oldrel-macos-x86_64 1.2.5 NOTE
r-oldrel-windows-ix86+x86_64 1.2.5 8.00 118.00 126.00 OK

Check Details

Version: 1.2.5
Check: dependencies in R code
Result: NOTE
    Namespaces in Imports field not imported from:
     ‘DT’ ‘ez’ ‘forcats’ ‘ggplot2’
     All declared Imports should be used.
Flavors: r-devel-linux-x86_64-fedora-clang, r-devel-linux-x86_64-fedora-gcc, r-devel-windows-x86_64-gcc10-UCRT, r-patched-solaris-x86, r-release-macos-arm64, r-release-macos-x86_64, r-oldrel-macos-x86_64

Version: 1.2.5
Check: data for non-ASCII characters
Result: NOTE
     Note: found 118 marked UTF-8 strings
Flavors: r-devel-linux-x86_64-fedora-clang, r-devel-linux-x86_64-fedora-gcc, r-devel-windows-x86_64-gcc10-UCRT, r-patched-solaris-x86, r-release-macos-arm64, r-release-macos-x86_64, r-oldrel-macos-x86_64