Last updated on 2022-05-24 08:53:42 CEST.
Flavor | Version | Tinstall | Tcheck | Ttotal | Status | Flags |
---|---|---|---|---|---|---|
r-devel-linux-x86_64-debian-clang | 1.0.0 | 48.09 | 176.93 | 225.02 | OK | |
r-devel-linux-x86_64-debian-gcc | 1.0.0 | 35.39 | 128.55 | 163.94 | OK | |
r-devel-linux-x86_64-fedora-clang | 1.0.0 | 241.67 | OK | |||
r-devel-linux-x86_64-fedora-gcc | 1.0.0 | 240.02 | OK | |||
r-devel-windows-x86_64 | 1.0.0 | 62.00 | 211.00 | 273.00 | OK | |
r-patched-linux-x86_64 | 1.0.0 | 35.20 | 159.22 | 194.42 | OK | |
r-release-linux-x86_64 | 1.0.0 | OK | ||||
r-release-macos-arm64 | 1.0.0 | 70.00 | OK | |||
r-release-macos-x86_64 | 1.0.0 | 124.00 | NOTE | |||
r-release-windows-x86_64 | 1.0.0 | 52.00 | 197.00 | 249.00 | OK | |
r-oldrel-macos-arm64 | 1.0.0 | 80.00 | OK | |||
r-oldrel-macos-x86_64 | 1.0.0 | 87.00 | OK | |||
r-oldrel-windows-ix86+x86_64 | 1.0.0 | 102.00 | 276.00 | 378.00 | OK |
Version: 1.0.0
Check: package dependencies
Result: NOTE
Package suggested but not available for checking: ‘MTS’
Flavor: r-release-macos-x86_64
Version: 1.0.0
Check: Rd cross-references
Result: NOTE
Package unavailable to check Rd xrefs: ‘MTS’
Flavor: r-release-macos-x86_64