CRAN Package Check Results for Package tsBSS

Last updated on 2020-09-27 22:47:00 CEST.

Flavor Version Tinstall Tcheck Ttotal Status Flags
r-devel-linux-x86_64-debian-clang 0.5.5 44.67 141.06 185.73 OK
r-devel-linux-x86_64-debian-gcc 0.5.5 32.47 100.15 132.62 OK
r-devel-linux-x86_64-fedora-clang 0.5.5 252.32 NOTE
r-devel-linux-x86_64-fedora-gcc 0.5.5 213.79 OK
r-devel-windows-ix86+x86_64 0.5.5 88.00 250.00 338.00 OK
r-patched-linux-x86_64 0.5.5 36.24 125.39 161.63 OK
r-patched-solaris-x86 0.5.5 293.20 OK
r-release-linux-x86_64 0.5.5 35.21 126.57 161.78 OK
r-release-macos-x86_64 0.5.5 OK
r-release-windows-ix86+x86_64 0.5.5 101.00 250.00 351.00 OK
r-oldrel-macos-x86_64 0.5.5 OK
r-oldrel-windows-ix86+x86_64 0.5.5 89.00 239.00 328.00 OK

Check Details

Version: 0.5.5
Check: Rd cross-references
Result: NOTE
    Undeclared packages ‘MTS’, ‘tsbox’, ‘dr’ in Rd xrefs
Flavor: r-devel-linux-x86_64-fedora-clang