CRAN Package Check Results for Package tsmp

Last updated on 2020-02-23 10:49:07 CET.

Flavor Version Tinstall Tcheck Ttotal Status Flags
r-devel-linux-x86_64-debian-clang 0.3.5 11.89 96.81 108.70 OK
r-devel-linux-x86_64-debian-gcc 0.3.5 10.30 70.47 80.77 OK
r-devel-linux-x86_64-fedora-clang 0.3.5 133.55 NOTE
r-devel-linux-x86_64-fedora-gcc 0.3.5 124.62 OK
r-devel-windows-ix86+x86_64 0.3.5 18.00 161.00 179.00 NOTE
r-devel-windows-ix86+x86_64-gcc8 0.3.5 30.00 114.00 144.00 NOTE
r-patched-linux-x86_64 0.3.5 OK
r-patched-solaris-x86 0.3.5 184.70 NOTE
r-release-linux-x86_64 0.3.5 9.61 85.23 94.84 OK
r-release-windows-ix86+x86_64 0.3.5 17.00 102.00 119.00 NOTE
r-release-osx-x86_64 0.3.5 NOTE
r-oldrel-windows-ix86+x86_64 0.3.5 15.00 106.00 121.00 NOTE
r-oldrel-osx-x86_64 0.3.5 NOTE

Check Details

Version: 0.3.5
Check: installed package size
Result: NOTE
     installed size is 5.7Mb
     sub-directories of 1Mb or more:
     data 4.6Mb
Flavors: r-devel-linux-x86_64-fedora-clang, r-devel-windows-ix86+x86_64, r-devel-windows-ix86+x86_64-gcc8, r-patched-solaris-x86, r-release-windows-ix86+x86_64, r-release-osx-x86_64, r-oldrel-windows-ix86+x86_64, r-oldrel-osx-x86_64