CRAN Package Check Results for Package tsmp

Last updated on 2019-09-22 15:47:22 CEST.

Flavor Version Tinstall Tcheck Ttotal Status Flags
r-devel-linux-x86_64-debian-clang 0.3.5 11.35 85.33 96.68 OK
r-devel-linux-x86_64-debian-gcc 0.3.5 10.11 64.74 74.85 OK
r-devel-linux-x86_64-fedora-clang 0.3.5 122.79 NOTE
r-devel-linux-x86_64-fedora-gcc 0.3.5 119.61 OK
r-devel-windows-ix86+x86_64 0.3.5 26.00 114.00 140.00 NOTE
r-patched-linux-x86_64 0.3.5 12.54 86.26 98.80 OK
r-patched-solaris-x86 0.3.5 180.10 NOTE
r-release-linux-x86_64 0.3.5 11.82 85.65 97.47 OK
r-release-windows-ix86+x86_64 0.3.5 16.00 105.00 121.00 NOTE
r-release-osx-x86_64 0.3.5 NOTE
r-oldrel-windows-ix86+x86_64 0.3.5 15.00 103.00 118.00 NOTE
r-oldrel-osx-x86_64 0.3.5 NOTE

Check Details

Version: 0.3.5
Check: installed package size
Result: NOTE
     installed size is 5.7Mb
     sub-directories of 1Mb or more:
     data 4.6Mb
Flavors: r-devel-linux-x86_64-fedora-clang, r-devel-windows-ix86+x86_64, r-patched-solaris-x86, r-release-windows-ix86+x86_64, r-release-osx-x86_64, r-oldrel-windows-ix86+x86_64, r-oldrel-osx-x86_64