CRAN Package Check Results for Package tuneR

Last updated on 2020-10-26 07:50:06 CET.

Flavor Version Tinstall Tcheck Ttotal Status Flags
r-devel-linux-x86_64-debian-clang 1.3.3 16.60 59.17 75.77 OK
r-devel-linux-x86_64-debian-gcc 1.3.3 11.19 44.21 55.40 OK
r-devel-linux-x86_64-fedora-clang 1.3.3 99.66 OK
r-devel-linux-x86_64-fedora-gcc 1.3.3 85.16 OK
r-devel-windows-ix86+x86_64 1.3.3 37.00 101.00 138.00 OK
r-patched-linux-x86_64 1.3.3 12.07 54.51 66.58 OK
r-patched-solaris-x86 1.3.3 107.60 OK
r-release-linux-x86_64 1.3.3 13.31 54.18 67.49 OK
r-release-macos-x86_64 1.3.3 WARN
r-release-windows-ix86+x86_64 1.3.3 32.00 77.00 109.00 OK
r-oldrel-macos-x86_64 1.3.3 OK
r-oldrel-windows-ix86+x86_64 1.3.3 33.00 72.00 105.00 OK

Additional issues

clang-UBSAN gcc11 gcc11

Check Details

Version: 1.3.3
Check: whether package can be installed
Result: WARN
    Found the following significant warnings:
     frame.c:147:21: warning: result of comparison of constant 4 with expression of type 'enum mad_layer' is always false [-Wtautological-constant-out-of-range-compare]
Flavor: r-release-macos-x86_64