Last updated on 2021-03-07 05:48:59 CET.
Flavor | Version | Tinstall | Tcheck | Ttotal | Status | Flags |
---|---|---|---|---|---|---|
r-devel-linux-x86_64-debian-clang | 1.3.3 | 16.89 | 58.80 | 75.69 | OK | |
r-devel-linux-x86_64-debian-gcc | 1.3.3 | 10.81 | 45.35 | 56.16 | OK | |
r-devel-linux-x86_64-fedora-clang | 1.3.3 | 98.93 | OK | |||
r-devel-linux-x86_64-fedora-gcc | 1.3.3 | 86.00 | OK | |||
r-devel-windows-ix86+x86_64 | 1.3.3 | 39.00 | 101.00 | 140.00 | OK | |
r-devel-windows-x86_64-gcc10-UCRT | 1.3.3 | OK | ||||
r-patched-linux-x86_64 | 1.3.3 | 12.00 | 55.86 | 67.86 | OK | |
r-patched-solaris-x86 | 1.3.3 | 109.70 | OK | |||
r-release-linux-x86_64 | 1.3.3 | 12.75 | 55.53 | 68.28 | OK | |
r-release-macos-x86_64 | 1.3.3 | WARN | ||||
r-release-windows-ix86+x86_64 | 1.3.3 | 33.00 | 98.00 | 131.00 | OK | |
r-oldrel-macos-x86_64 | 1.3.3 | OK | ||||
r-oldrel-windows-ix86+x86_64 | 1.3.3 | 54.00 | 73.00 | 127.00 | OK |
Version: 1.3.3
Check: whether package can be installed
Result: WARN
Found the following significant warnings:
frame.c:147:21: warning: result of comparison of constant 4 with expression of type 'enum mad_layer' is always false [-Wtautological-constant-out-of-range-compare]
Flavor: r-release-macos-x86_64