CRAN Package Check Results for Package tuneRanger

Last updated on 2020-01-24 07:56:15 CET.

Flavor Version Tinstall Tcheck Ttotal Status Flags
r-devel-linux-x86_64-debian-clang 0.5 12.71 125.70 138.41 OK
r-devel-linux-x86_64-debian-gcc 0.5 10.32 93.10 103.42 OK
r-devel-linux-x86_64-fedora-clang 0.5 160.37 OK
r-devel-linux-x86_64-fedora-gcc 0.5 157.55 OK
r-devel-windows-ix86+x86_64 0.5 36.00 184.00 220.00 OK
r-devel-windows-ix86+x86_64-gcc8 0.5 54.00 145.00 199.00 OK
r-patched-linux-x86_64 0.5 11.85 107.18 119.03 OK
r-patched-solaris-x86 0.5 4.00 ERROR
r-release-linux-x86_64 0.5 10.69 107.58 118.27 OK
r-release-windows-ix86+x86_64 0.5 26.00 170.00 196.00 OK
r-release-osx-x86_64 0.5 OK
r-oldrel-windows-ix86+x86_64 0.5 16.00 120.00 136.00 OK
r-oldrel-osx-x86_64 0.5 OK

Check Details

Version: 0.5
Check: package dependencies
Result: ERROR
    Packages required but not available: 'mlrMBO', 'smoof'
    
    See section ‘The DESCRIPTION file’ in the ‘Writing R Extensions’
    manual.
Flavor: r-patched-solaris-x86