Last updated on 2022-06-26 11:17:30 CEST.
Flavor | Version | Tinstall | Tcheck | Ttotal | Status | Flags |
---|---|---|---|---|---|---|
r-devel-linux-x86_64-debian-clang | 0.5 | 15.93 | 159.96 | 175.89 | NOTE | |
r-devel-linux-x86_64-debian-gcc | 0.5 | 13.14 | 119.02 | 132.16 | NOTE | |
r-devel-linux-x86_64-fedora-clang | 0.5 | 223.90 | NOTE | |||
r-devel-linux-x86_64-fedora-gcc | 0.5 | 212.43 | NOTE | |||
r-devel-windows-x86_64 | 0.5 | 33.00 | 173.00 | 206.00 | NOTE | |
r-patched-linux-x86_64 | 0.5 | 15.94 | 158.69 | 174.63 | NOTE | |
r-release-linux-x86_64 | 0.5 | 11.19 | 159.52 | 170.71 | NOTE | |
r-release-macos-arm64 | 0.5 | 75.00 | NOTE | |||
r-release-macos-x86_64 | 0.5 | 126.00 | NOTE | |||
r-release-windows-x86_64 | 0.5 | 25.00 | 173.00 | 198.00 | NOTE | |
r-oldrel-macos-arm64 | 0.5 | 103.00 | NOTE | |||
r-oldrel-macos-x86_64 | 0.5 | 125.00 | NOTE | |||
r-oldrel-windows-ix86+x86_64 | 0.5 | 36.00 | 175.00 | 211.00 | NOTE |
Version: 0.5
Check: LazyData
Result: NOTE
'LazyData' is specified without a 'data' directory
Flavors: r-devel-linux-x86_64-debian-clang, r-devel-linux-x86_64-debian-gcc, r-devel-linux-x86_64-fedora-clang, r-devel-linux-x86_64-fedora-gcc, r-devel-windows-x86_64, r-patched-linux-x86_64, r-release-linux-x86_64, r-release-macos-arm64, r-release-macos-x86_64, r-release-windows-x86_64, r-oldrel-macos-arm64, r-oldrel-macos-x86_64, r-oldrel-windows-ix86+x86_64
Version: 0.5
Check: Rd cross-references
Result: NOTE
Undeclared package ‘randomForest’ in Rd xrefs
Flavor: r-devel-linux-x86_64-fedora-clang