CRAN Package Check Results for Package ubiquity

Last updated on 2024-05-18 19:55:33 CEST.

Flavor Version Tinstall Tcheck Ttotal Status Flags
r-devel-linux-x86_64-debian-clang 2.0.3 23.62 176.31 199.93 OK
r-devel-linux-x86_64-debian-gcc 2.0.3 15.61 128.23 143.84 OK
r-devel-linux-x86_64-fedora-clang 2.0.3 252.90 NOTE
r-devel-linux-x86_64-fedora-gcc 2.0.3 304.04 OK
r-devel-windows-x86_64 2.0.3 19.00 158.00 177.00 NOTE
r-patched-linux-x86_64 2.0.3 17.97 165.14 183.11 OK
r-release-linux-x86_64 2.0.3 14.78 164.93 179.71 OK
r-release-macos-arm64 2.0.3 83.00 NOTE
r-release-macos-x86_64 2.0.3 204.00 NOTE
r-release-windows-x86_64 2.0.3 19.00 156.00 175.00 NOTE
r-oldrel-macos-arm64 2.0.3 85.00 NOTE
r-oldrel-macos-x86_64 2.0.3 227.00 NOTE
r-oldrel-windows-x86_64 2.0.3 26.00 191.00 217.00 NOTE

Check Details

Version: 2.0.3
Check: package dependencies
Result: NOTE Imports includes 21 non-default packages. Importing from so many packages makes the package vulnerable to any of them becoming unavailable. Move as many as possible to Suggests and use conditionally. Flavor: r-devel-linux-x86_64-fedora-clang

Version: 2.0.3
Check: installed package size
Result: NOTE installed size is 7.3Mb sub-directories of 1Mb or more: doc 4.5Mb ubinc 2.0Mb Flavors: r-devel-linux-x86_64-fedora-clang, r-devel-windows-x86_64, r-release-macos-arm64, r-release-macos-x86_64, r-release-windows-x86_64, r-oldrel-macos-arm64, r-oldrel-macos-x86_64, r-oldrel-windows-x86_64