Last updated on 2021-04-13 04:47:21 CEST.
Flavor | Version | Tinstall | Tcheck | Ttotal | Status | Flags |
---|---|---|---|---|---|---|
r-devel-linux-x86_64-debian-clang | 0.2.7.0 | 34.69 | 107.99 | 142.68 | NOTE | |
r-devel-linux-x86_64-debian-gcc | 0.2.7.0 | 24.09 | 77.77 | 101.86 | NOTE | |
r-devel-linux-x86_64-fedora-clang | 0.2.7.0 | 188.30 | NOTE | |||
r-devel-linux-x86_64-fedora-gcc | 0.2.7.0 | 178.38 | NOTE | |||
r-devel-windows-ix86+x86_64 | 0.2.7.0 | 78.00 | 191.00 | 269.00 | NOTE | |
r-devel-windows-x86_64-gcc10-UCRT | 0.2.7.0 | NOTE | ||||
r-patched-linux-x86_64 | 0.2.7.0 | 28.05 | 97.21 | 125.26 | OK | |
r-patched-solaris-x86 | 0.2.7.0 | 214.90 | OK | |||
r-release-linux-x86_64 | 0.2.7.0 | 28.52 | 97.96 | 126.48 | OK | |
r-release-macos-x86_64 | 0.2.7.0 | OK | ||||
r-release-windows-ix86+x86_64 | 0.2.7.0 | 58.00 | 196.00 | 254.00 | OK | |
r-oldrel-macos-x86_64 | 0.2.7.0 | OK | ||||
r-oldrel-windows-ix86+x86_64 | 0.2.7.0 | 70.00 | 138.00 | 208.00 | OK |
Version: 0.2.7.0
Check: LazyData
Result: NOTE
'LazyData' is specified without a 'data' directory
Flavors: r-devel-linux-x86_64-debian-clang, r-devel-linux-x86_64-debian-gcc, r-devel-linux-x86_64-fedora-clang, r-devel-linux-x86_64-fedora-gcc, r-devel-windows-ix86+x86_64, r-devel-windows-x86_64-gcc10-UCRT