CRAN Package Check Results for Package unvotes

Last updated on 2020-01-23 04:47:58 CET.

Flavor Version Tinstall Tcheck Ttotal Status Flags
r-devel-linux-x86_64-debian-clang 0.2.0 5.51 54.31 59.82 OK
r-devel-linux-x86_64-debian-gcc 0.2.0 4.84 46.03 50.87 OK
r-devel-linux-x86_64-fedora-clang 0.2.0 79.23 NOTE
r-devel-linux-x86_64-fedora-gcc 0.2.0 78.38 NOTE
r-devel-windows-ix86+x86_64 0.2.0 17.00 100.00 117.00 OK
r-devel-windows-ix86+x86_64-gcc8 0.2.0 14.00 78.00 92.00 OK
r-patched-linux-x86_64 0.2.0 4.84 49.61 54.45 OK
r-patched-solaris-x86 0.2.0 111.50 NOTE
r-release-linux-x86_64 0.2.0 5.43 51.04 56.47 OK
r-release-windows-ix86+x86_64 0.2.0 14.00 98.00 112.00 OK
r-release-osx-x86_64 0.2.0 NOTE
r-oldrel-windows-ix86+x86_64 0.2.0 7.00 89.00 96.00 OK
r-oldrel-osx-x86_64 0.2.0 NOTE

Check Details

Version: 0.2.0
Check: data for non-ASCII characters
Result: NOTE
     Note: found 4494 marked UTF-8 strings
Flavors: r-devel-linux-x86_64-fedora-clang, r-devel-linux-x86_64-fedora-gcc, r-patched-solaris-x86, r-release-osx-x86_64, r-oldrel-osx-x86_64