CRAN Package Check Results for Package updog

Last updated on 2020-08-05 04:48:05 CEST.

Flavor Version Tinstall Tcheck Ttotal Status Flags
r-devel-linux-x86_64-debian-clang 2.0.2 124.16 95.24 219.40 OK
r-devel-linux-x86_64-debian-gcc 2.0.2 95.32 70.03 165.35 OK
r-devel-linux-x86_64-fedora-clang 2.0.2 291.81 NOTE
r-devel-linux-x86_64-fedora-gcc 2.0.2 270.74 OK
r-devel-windows-ix86+x86_64 2.0.2 320.00 175.00 495.00 OK
r-patched-linux-x86_64 2.0.2 94.49 92.52 187.01 OK
r-patched-solaris-x86 2.0.2 310.60 OK
r-release-linux-x86_64 2.0.2 94.31 92.39 186.70 OK
r-release-macos-x86_64 2.0.2 OK
r-release-windows-ix86+x86_64 2.0.2 288.00 232.00 520.00 OK
r-oldrel-macos-x86_64 2.0.2 OK
r-oldrel-windows-ix86+x86_64 2.0.2 191.00 180.00 371.00 OK

Check Details

Version: 2.0.2
Check: installed package size
Result: NOTE
     installed size is 5.2Mb
     sub-directories of 1Mb or more:
     libs 4.4Mb
Flavor: r-devel-linux-x86_64-fedora-clang