Last updated on 2023-03-28 00:52:06 CEST.
Flavor | Version | Tinstall | Tcheck | Ttotal | Status | Flags |
---|---|---|---|---|---|---|
r-devel-linux-x86_64-debian-clang | 2.1.3 | 116.90 | 128.74 | 245.64 | NOTE | |
r-devel-linux-x86_64-debian-gcc | 2.1.3 | 97.09 | 108.72 | 205.81 | NOTE | |
r-devel-linux-x86_64-fedora-clang | 2.1.3 | 375.36 | NOTE | |||
r-devel-linux-x86_64-fedora-gcc | 2.1.3 | 365.37 | NOTE | |||
r-patched-linux-x86_64 | 2.1.3 | 99.77 | 137.99 | 237.76 | NOTE | |
r-release-linux-x86_64 | 2.1.3 | 109.66 | 138.62 | 248.28 | OK | |
r-release-macos-arm64 | 2.1.3 | 97.00 | OK | |||
r-release-macos-x86_64 | 2.1.3 | 123.00 | OK | |||
r-release-windows-x86_64 | 2.1.3 | 118.00 | 221.00 | 339.00 | OK | |
r-oldrel-macos-arm64 | 2.1.3 | 100.00 | OK | |||
r-oldrel-macos-x86_64 | 2.1.3 | 128.00 | OK | |||
r-oldrel-windows-ix86+x86_64 | 2.1.3 | 299.00 | 235.00 | 534.00 | NOTE |
Version: 2.1.3
Check: package dependencies
Result: NOTE
Package suggested but not available for checking: ‘VariantAnnotation’
Flavor: r-devel-linux-x86_64-debian-clang
Version: 2.1.3
Check: C++ specification
Result: NOTE
Specified C++11: please drop specification unless essential
Flavors: r-devel-linux-x86_64-debian-clang, r-devel-linux-x86_64-debian-gcc, r-devel-linux-x86_64-fedora-clang, r-devel-linux-x86_64-fedora-gcc, r-patched-linux-x86_64
Version: 2.1.3
Check: dependencies in R code
Result: NOTE
Initiating curl with CURL_SSL_BACKEND: openssl
Flavor: r-oldrel-windows-ix86+x86_64