CRAN Package Check Results for Package urltools

Last updated on 2024-06-22 03:49:44 CEST.

Flavor Version Tinstall Tcheck Ttotal Status Flags
r-devel-linux-x86_64-debian-clang 1.7.3 81.47 41.07 122.54 NOTE
r-devel-linux-x86_64-debian-gcc 1.7.3 57.53 30.72 88.25 NOTE
r-devel-linux-x86_64-fedora-clang 1.7.3 187.16 NOTE
r-devel-linux-x86_64-fedora-gcc 1.7.3 196.35 NOTE
r-devel-windows-x86_64 1.7.3 65.00 75.00 140.00 NOTE
r-patched-linux-x86_64 1.7.3 70.90 38.89 109.79 NOTE
r-release-linux-x86_64 1.7.3 67.94 38.31 106.25 NOTE
r-release-macos-arm64 1.7.3 48.00 NOTE
r-release-macos-x86_64 1.7.3 54.00 NOTE
r-release-windows-x86_64 1.7.3 66.00 76.00 142.00 NOTE
r-oldrel-macos-arm64 1.7.3 50.00 OK
r-oldrel-macos-x86_64 1.7.3 83.00 OK
r-oldrel-windows-x86_64 1.7.3 79.00 83.00 162.00 OK

Check Details

Version: 1.7.3
Check: Rd files
Result: NOTE checkRd: (-1) encoder.Rd:32-37: Lost braces in \itemize; meant \describe ? checkRd: (-1) encoder.Rd:38-44: Lost braces in \itemize; meant \describe ? checkRd: (-1) encoder.Rd:45-48: Lost braces in \itemize; meant \describe ? Flavors: r-devel-linux-x86_64-debian-clang, r-devel-linux-x86_64-debian-gcc, r-devel-linux-x86_64-fedora-clang, r-devel-linux-x86_64-fedora-gcc, r-devel-windows-x86_64, r-patched-linux-x86_64, r-release-linux-x86_64, r-release-macos-arm64, r-release-macos-x86_64, r-release-windows-x86_64

Version: 1.7.3
Check: Rd cross-references
Result: NOTE Undeclared package ‘httr’ in Rd xrefs Flavor: r-devel-linux-x86_64-fedora-clang

Version: 1.7.3
Check: data for non-ASCII characters
Result: NOTE Note: found 488 marked UTF-8 strings Flavors: r-devel-linux-x86_64-fedora-clang, r-devel-linux-x86_64-fedora-gcc