CRAN Package Check Results for Package usdarnass

Last updated on 2023-06-06 06:54:00 CEST.

Flavor Version Tinstall Tcheck Ttotal Status Flags
r-devel-linux-x86_64-debian-clang 0.1.0 2.16 27.37 29.53 NOTE
r-devel-linux-x86_64-debian-gcc 0.1.0 2.01 22.76 24.77 NOTE
r-devel-linux-x86_64-fedora-clang 0.1.0 38.44 NOTE
r-devel-linux-x86_64-fedora-gcc 0.1.0 49.61 NOTE
r-devel-windows-x86_64 0.1.0 4.00 47.00 51.00 NOTE
r-patched-linux-x86_64 0.1.0 2.35 26.83 29.18 NOTE
r-release-linux-x86_64 0.1.0 1.57 26.63 28.20 NOTE
r-release-macos-arm64 0.1.0 25.00 NOTE
r-release-macos-x86_64 0.1.0 34.00 NOTE
r-release-windows-x86_64 0.1.0 5.00 46.00 51.00 NOTE
r-oldrel-macos-arm64 0.1.0 17.00 NOTE
r-oldrel-macos-x86_64 0.1.0 27.00 NOTE
r-oldrel-windows-x86_64 0.1.0 5.00 49.00 54.00 NOTE

Check Details

Version: 0.1.0
Check: LazyData
Result: NOTE
     'LazyData' is specified without a 'data' directory
Flavors: r-devel-linux-x86_64-debian-clang, r-devel-linux-x86_64-debian-gcc, r-devel-linux-x86_64-fedora-clang, r-devel-linux-x86_64-fedora-gcc, r-devel-windows-x86_64, r-patched-linux-x86_64, r-release-linux-x86_64, r-release-macos-arm64, r-release-macos-x86_64, r-release-windows-x86_64, r-oldrel-macos-arm64, r-oldrel-macos-x86_64, r-oldrel-windows-x86_64