CRAN Package Check Results for Package userfriendlyscience

Last updated on 2020-02-27 20:48:42 CET.

Flavor Version Tinstall Tcheck Ttotal Status Flags
r-devel-linux-x86_64-debian-clang 0.7.2 33.30 266.34 299.64 OK
r-devel-linux-x86_64-debian-gcc 0.7.2 30.02 199.37 229.39 OK
r-devel-linux-x86_64-fedora-clang 0.7.2 360.34 NOTE
r-devel-linux-x86_64-fedora-gcc 0.7.2 343.21 OK
r-devel-windows-ix86+x86_64 0.7.2 63.00 307.00 370.00 OK
r-devel-windows-ix86+x86_64-gcc8 0.7.2 64.00 274.00 338.00 OK
r-patched-linux-x86_64 0.7.2 29.07 233.40 262.47 OK
r-patched-solaris-x86 0.7.2 434.10 OK
r-release-linux-x86_64 0.7.2 31.55 234.04 265.59 OK
r-release-windows-ix86+x86_64 0.7.2 56.00 269.00 325.00 OK
r-release-osx-x86_64 0.7.2 OK
r-oldrel-windows-ix86+x86_64 0.7.2 42.00 229.00 271.00 OK
r-oldrel-osx-x86_64 0.7.2 OK

Check Details

Version: 0.7.2
Check: package dependencies
Result: NOTE
    Imports includes 32 non-default packages.
    Importing from so many packages makes the package vulnerable to any of
    them becoming unavailable. Move as many as possible to Suggests and
    use conditionally.
Flavor: r-devel-linux-x86_64-fedora-clang