CRAN Package Check Results for Package usmapdata

Last updated on 2022-08-14 01:49:28 CEST.

Flavor Version Tinstall Tcheck Ttotal Status Flags
r-devel-linux-x86_64-debian-clang 0.1.0 2.07 24.51 26.58 OK
r-devel-linux-x86_64-debian-gcc 0.1.0 2.12 19.29 21.41 OK
r-devel-linux-x86_64-fedora-clang 0.1.0 43.39 NOTE
r-devel-linux-x86_64-fedora-gcc 0.1.0 44.50 OK
r-devel-windows-x86_64 0.1.0 10.00 57.00 67.00 NOTE
r-patched-linux-x86_64 0.1.0 2.62 23.15 25.77 OK
r-release-linux-x86_64 0.1.0 2.08 23.95 26.03 OK
r-release-macos-arm64 0.1.0 17.00 NOTE
r-release-macos-x86_64 0.1.0 23.00 NOTE
r-release-windows-x86_64 0.1.0 21.00 52.00 73.00 NOTE
r-oldrel-macos-arm64 0.1.0 17.00 NOTE
r-oldrel-macos-x86_64 0.1.0 23.00 NOTE
r-oldrel-windows-ix86+x86_64 0.1.0 7.00 44.00 51.00 NOTE

Check Details

Version: 0.1.0
Check: installed package size
Result: NOTE
     installed size is 6.7Mb
     sub-directories of 1Mb or more:
     extdata 6.6Mb
Flavors: r-devel-linux-x86_64-fedora-clang, r-devel-windows-x86_64, r-release-macos-arm64, r-release-macos-x86_64, r-release-windows-x86_64, r-oldrel-macos-arm64, r-oldrel-macos-x86_64, r-oldrel-windows-ix86+x86_64