CRAN Package Check Results for Package utr.annotation

Last updated on 2021-10-17 10:49:33 CEST.

Flavor Version Tinstall Tcheck Ttotal Status Flags
r-devel-linux-x86_64-debian-clang 1.0.4 47.89 459.23 507.12 OK
r-devel-linux-x86_64-debian-gcc 1.0.4 40.75 356.60 397.35 OK
r-devel-linux-x86_64-fedora-clang 1.0.4 634.39 NOTE
r-devel-linux-x86_64-fedora-gcc 1.0.4 649.26 NOTE
r-devel-windows-x86_64 1.0.4 74.00 427.00 501.00 OK
r-devel-windows-x86_64-gcc10-UCRT 1.0.4 NOTE
r-patched-linux-x86_64 1.0.4 48.89 446.37 495.26 OK
r-patched-solaris-x86 1.0.4 723.20 NOTE
r-release-linux-x86_64 1.0.4 43.17 448.65 491.82 OK
r-release-macos-arm64 1.0.4 NOTE
r-release-macos-x86_64 1.0.4 NOTE
r-release-windows-ix86+x86_64 1.0.4 101.00 511.00 612.00 OK
r-oldrel-macos-x86_64 1.0.4 NOTE
r-oldrel-windows-ix86+x86_64 1.0.4 128.00 571.00 699.00 OK

Check Details

Version: 1.0.4
Check: dependencies in R code
Result: NOTE
    Namespaces in Imports field not imported from:
     'parallel' 'xml2'
     All declared Imports should be used.
Flavors: r-devel-linux-x86_64-fedora-clang, r-devel-linux-x86_64-fedora-gcc, r-devel-windows-x86_64-gcc10-UCRT, r-patched-solaris-x86, r-release-macos-arm64, r-release-macos-x86_64, r-oldrel-macos-x86_64