CRAN Package Check Results for Package uwIntroStats

Last updated on 2020-02-23 10:49:07 CET.

Flavor Version Tinstall Tcheck Ttotal Status Flags
r-devel-linux-x86_64-debian-clang 0.0.7 24.92 143.75 168.67 WARN
r-devel-linux-x86_64-debian-gcc 0.0.7 18.73 108.77 127.50 WARN
r-devel-linux-x86_64-fedora-clang 0.0.7 210.34 WARN
r-devel-linux-x86_64-fedora-gcc 0.0.7 193.18 WARN
r-devel-windows-ix86+x86_64 0.0.7 37.00 191.00 228.00 OK
r-devel-windows-ix86+x86_64-gcc8 0.0.7 51.00 172.00 223.00 OK
r-patched-linux-x86_64 0.0.7 WARN
r-patched-solaris-x86 0.0.7 232.50 WARN
r-release-linux-x86_64 0.0.7 17.62 125.45 143.07 OK
r-release-windows-ix86+x86_64 0.0.7 32.00 167.00 199.00 OK
r-release-osx-x86_64 0.0.7 OK
r-oldrel-windows-ix86+x86_64 0.0.7 24.00 191.00 215.00 OK
r-oldrel-osx-x86_64 0.0.7 OK

Check Details

Version: 0.0.7
Check: Rd \usage sections
Result: WARN
    Documented arguments not in \usage in documentation object 'ttest':
     '...'
    
    Documented arguments not in \usage in documentation object 'wilcoxon':
     '...'
    
    Functions with \usage entries need to have the appropriate \alias
    entries, and all their arguments documented.
    The \usage entries must correspond to syntactically valid R code.
    See chapter 'Writing R documentation files' in the 'Writing R
    Extensions' manual.
Flavors: r-devel-linux-x86_64-debian-clang, r-devel-linux-x86_64-debian-gcc, r-devel-linux-x86_64-fedora-clang, r-devel-linux-x86_64-fedora-gcc, r-patched-linux-x86_64, r-patched-solaris-x86