CRAN Package Check Results for Package valhallr

Last updated on 2024-05-29 03:52:07 CEST.

Flavor Version Tinstall Tcheck Ttotal Status Flags
r-devel-linux-x86_64-debian-clang 0.1.0 4.08 36.88 40.96 NOTE
r-devel-linux-x86_64-debian-gcc 0.1.0 2.94 28.11 31.05 NOTE
r-devel-linux-x86_64-fedora-clang 0.1.0 54.26 NOTE
r-devel-linux-x86_64-fedora-gcc 0.1.0 60.38 NOTE
r-devel-windows-x86_64 0.1.0 5.00 50.00 55.00 NOTE
r-patched-linux-x86_64 0.1.0 4.08 35.14 39.22 NOTE
r-release-linux-x86_64 0.1.0 2.53 34.65 37.18 NOTE
r-release-macos-arm64 0.1.0 25.00 NOTE
r-release-windows-x86_64 0.1.0 5.00 50.00 55.00 NOTE
r-oldrel-macos-arm64 0.1.0 26.00 NOTE
r-oldrel-macos-x86_64 0.1.0 39.00 NOTE
r-oldrel-windows-x86_64 0.1.0 6.00 53.00 59.00 NOTE

Check Details

Version: 0.1.0
Check: LazyData
Result: NOTE 'LazyData' is specified without a 'data' directory Flavors: r-devel-linux-x86_64-debian-clang, r-devel-linux-x86_64-debian-gcc, r-devel-linux-x86_64-fedora-clang, r-devel-linux-x86_64-fedora-gcc, r-devel-windows-x86_64, r-patched-linux-x86_64, r-release-linux-x86_64, r-release-macos-arm64, r-release-windows-x86_64, r-oldrel-macos-arm64, r-oldrel-macos-x86_64, r-oldrel-windows-x86_64

Version: 0.1.0
Check: dependencies in R code
Result: NOTE Namespace in Imports field not imported from: ‘Cairo’ All declared Imports should be used. Flavors: r-devel-linux-x86_64-fedora-clang, r-devel-linux-x86_64-fedora-gcc