Last updated on 2022-08-13 09:54:38 CEST.
Flavor | Version | Tinstall | Tcheck | Ttotal | Status | Flags |
---|---|---|---|---|---|---|
r-devel-linux-x86_64-debian-clang | 0.5.0 | 4.52 | 59.63 | 64.15 | NOTE | |
r-devel-linux-x86_64-debian-gcc | 0.5.0 | 3.66 | 45.77 | 49.43 | NOTE | |
r-devel-linux-x86_64-fedora-clang | 0.5.0 | 91.20 | NOTE | |||
r-devel-linux-x86_64-fedora-gcc | 0.5.0 | 91.72 | NOTE | |||
r-devel-windows-x86_64 | 0.5.0 | 82.00 | 83.00 | 165.00 | NOTE | |
r-patched-linux-x86_64 | 0.5.0 | 6.98 | 57.57 | 64.55 | NOTE | |
r-release-linux-x86_64 | 0.5.0 | 5.34 | 57.01 | 62.35 | NOTE | |
r-release-macos-arm64 | 0.5.0 | 24.00 | NOTE | |||
r-release-macos-x86_64 | 0.5.0 | 37.00 | NOTE | |||
r-release-windows-x86_64 | 0.5.0 | 19.00 | 85.00 | 104.00 | NOTE | |
r-oldrel-macos-arm64 | 0.5.0 | 28.00 | NOTE | |||
r-oldrel-macos-x86_64 | 0.5.0 | 50.00 | NOTE | |||
r-oldrel-windows-ix86+x86_64 | 0.5.0 | 12.00 | 80.00 | 92.00 | NOTE |
Version: 0.5.0
Check: LazyData
Result: NOTE
'LazyData' is specified without a 'data' directory
Flavors: r-devel-linux-x86_64-debian-clang, r-devel-linux-x86_64-debian-gcc, r-devel-linux-x86_64-fedora-clang, r-devel-linux-x86_64-fedora-gcc, r-devel-windows-x86_64, r-patched-linux-x86_64, r-release-linux-x86_64, r-release-macos-arm64, r-release-macos-x86_64, r-release-windows-x86_64, r-oldrel-macos-arm64, r-oldrel-macos-x86_64, r-oldrel-windows-ix86+x86_64