CRAN Package Check Results for Package varTestnlme

Last updated on 2020-12-05 00:47:41 CET.

Flavor Version Tinstall Tcheck Ttotal Status Flags
r-devel-linux-x86_64-debian-clang 0.2.0 5.09 137.22 142.31 OK
r-devel-linux-x86_64-debian-gcc 0.2.0 4.45 99.49 103.94 OK
r-devel-linux-x86_64-fedora-clang 0.2.0 165.96 NOTE
r-devel-linux-x86_64-fedora-gcc 0.2.0 158.70 NOTE
r-devel-windows-ix86+x86_64 0.2.0 9.00 149.00 158.00 OK
r-patched-linux-x86_64 0.2.0 5.03 132.00 137.03 OK
r-patched-solaris-x86 0.2.0 210.00 NOTE
r-release-linux-x86_64 0.2.0 5.16 127.94 133.10 OK
r-release-macos-x86_64 0.2.0 NOTE
r-release-windows-ix86+x86_64 0.2.0 9.00 142.00 151.00 OK
r-oldrel-macos-x86_64 0.2.0 NOTE
r-oldrel-windows-ix86+x86_64 0.2.0 7.00 159.00 166.00 OK

Check Details

Version: 0.2.0
Check: dependencies in R code
Result: NOTE
    Namespaces in Imports field not imported from:
     ‘matrixcalc’ ‘saemix’
     All declared Imports should be used.
Flavors: r-devel-linux-x86_64-fedora-clang, r-devel-linux-x86_64-fedora-gcc, r-patched-solaris-x86, r-release-macos-x86_64, r-oldrel-macos-x86_64