CRAN Package Check Results for Package vdg

Last updated on 2019-09-22 11:46:29 CEST.

Flavor Version Tinstall Tcheck Ttotal Status Flags
r-devel-linux-x86_64-debian-clang 1.2.0 10.32 461.82 472.14 OK
r-devel-linux-x86_64-debian-gcc 1.2.0 8.89 356.85 365.74 OK
r-devel-linux-x86_64-fedora-clang 1.2.0 604.87 NOTE
r-devel-linux-x86_64-fedora-gcc 1.2.0 584.85 NOTE
r-devel-windows-ix86+x86_64 1.2.0 38.00 205.00 243.00 OK
r-patched-linux-x86_64 1.2.0 8.74 454.97 463.71 OK
r-patched-solaris-x86 1.2.0 297.60 OK
r-release-linux-x86_64 1.2.0 9.49 453.14 462.63 OK
r-release-windows-ix86+x86_64 1.2.0 20.00 205.00 225.00 OK
r-release-osx-x86_64 1.2.0 OK
r-oldrel-windows-ix86+x86_64 1.2.0 18.00 211.00 229.00 OK
r-oldrel-osx-x86_64 1.2.0 OK

Check Details

Version: 1.2.0
Check: compiled code
Result: NOTE
    File ‘vdg/libs/vdg.so’:
     Found no calls to: ‘R_registerRoutines’, ‘R_useDynamicSymbols’
    
    It is good practice to register native routines and to disable symbol
    search.
    
    See ‘Writing portable packages’ in the ‘Writing R Extensions’ manual.
Flavors: r-devel-linux-x86_64-fedora-clang, r-devel-linux-x86_64-fedora-gcc